Last updated on 2025-01-20 06:48:30 CET.
Flavor | Version | Tinstall | Tcheck | Ttotal | Status | Flags |
---|---|---|---|---|---|---|
r-devel-linux-x86_64-debian-clang | 0.2.4 | 75.33 | 196.53 | 271.86 | OK | |
r-devel-linux-x86_64-debian-gcc | 0.2.4 | 46.73 | 135.13 | 181.86 | OK | |
r-devel-linux-x86_64-fedora-clang | 0.2.4 | 468.93 | OK | |||
r-devel-linux-x86_64-fedora-gcc | 0.2.4 | 453.86 | OK | |||
r-devel-windows-x86_64 | 0.2.4 | 69.00 | 184.00 | 253.00 | OK | |
r-patched-linux-x86_64 | 0.2.4 | 50.59 | 177.32 | 227.91 | OK | |
r-release-linux-x86_64 | 0.2.4 | 67.77 | 176.38 | 244.15 | OK | |
r-release-macos-arm64 | 0.2.4 | 124.00 | NOTE | |||
r-release-macos-x86_64 | 0.2.4 | 174.00 | NOTE | |||
r-release-windows-x86_64 | 0.2.4 | 76.00 | 184.00 | 260.00 | OK | |
r-oldrel-macos-arm64 | 0.2.4 | 78.00 | NOTE | |||
r-oldrel-macos-x86_64 | 0.2.4 | 130.00 | NOTE | |||
r-oldrel-windows-x86_64 | 0.2.4 | 94.00 | 232.00 | 326.00 | OK |
Version: 0.2.4
Check: installed package size
Result: NOTE
installed size is 6.4Mb
sub-directories of 1Mb or more:
libs 5.4Mb
Flavors: r-release-macos-arm64, r-release-macos-x86_64, r-oldrel-macos-arm64, r-oldrel-macos-x86_64