Last updated on 2024-04-24 06:19:25 CEST.
Flavor | Version | Tinstall | Tcheck | Ttotal | Status | Flags |
---|---|---|---|---|---|---|
r-devel-linux-x86_64-debian-clang | 1.4.3 | 121.79 | 125.43 | 247.22 | NOTE | |
r-devel-linux-x86_64-debian-gcc | 1.4.3 | 95.46 | 93.42 | 188.88 | NOTE | |
r-devel-linux-x86_64-fedora-clang | 1.4.3 | 306.04 | NOTE | |||
r-devel-linux-x86_64-fedora-gcc | 1.4.3 | 347.50 | NOTE | |||
r-prerel-macos-arm64 | 1.4.3 | 75.00 | NOTE | |||
r-prerel-windows-x86_64 | 1.4.3 | 88.00 | 127.00 | 215.00 | NOTE | |
r-patched-linux-x86_64 | 1.4.3 | 113.50 | 123.01 | 236.51 | NOTE | |
r-release-linux-x86_64 | 1.4.3 | 118.39 | 125.55 | 243.94 | NOTE | |
r-release-macos-arm64 | 1.4.3 | 83.00 | NOTE | |||
r-release-macos-x86_64 | 1.4.3 | 140.00 | NOTE | |||
r-release-windows-x86_64 | 1.4.3 | 104.00 | 158.00 | 262.00 | NOTE | |
r-oldrel-macos-arm64 | 1.4.3 | 69.00 | NOTE | |||
r-oldrel-windows-x86_64 | 1.4.3 | 101.00 | 147.00 | 248.00 | NOTE |
Version: 1.4.3
Check: LazyData
Result: NOTE
'LazyData' is specified without a 'data' directory
Flavors: r-devel-linux-x86_64-debian-clang, r-devel-linux-x86_64-debian-gcc, r-devel-linux-x86_64-fedora-clang, r-devel-linux-x86_64-fedora-gcc, r-prerel-macos-arm64, r-prerel-windows-x86_64, r-patched-linux-x86_64, r-release-linux-x86_64, r-release-macos-arm64, r-release-macos-x86_64, r-release-windows-x86_64, r-oldrel-macos-arm64, r-oldrel-windows-x86_64
Version: 1.4.3
Check: installed package size
Result: NOTE
installed size is 27.2Mb
sub-directories of 1Mb or more:
libs 26.9Mb
Flavors: r-prerel-macos-arm64, r-release-macos-arm64, r-release-macos-x86_64, r-oldrel-macos-arm64