Last updated on 2023-03-31 03:52:38 CEST.
Flavor | Version | Tinstall | Tcheck | Ttotal | Status | Flags |
---|---|---|---|---|---|---|
r-devel-linux-x86_64-debian-clang | 0.30 | 870.35 | 249.92 | 1120.27 | OK | |
r-devel-linux-x86_64-debian-gcc | 0.30 | 675.93 | 189.28 | 865.21 | OK | |
r-devel-linux-x86_64-fedora-clang | 0.30 | 1716.34 | NOTE | |||
r-devel-linux-x86_64-fedora-gcc | 0.30 | 1480.57 | OK | |||
r-devel-windows-x86_64 | 0.30 | 770.00 | 0.00 | 770.00 | NOTE | |
r-patched-linux-x86_64 | 0.30 | 760.62 | 247.58 | 1008.20 | OK | |
r-release-linux-x86_64 | 0.30 | 681.90 | 235.90 | 917.80 | OK | |
r-release-macos-arm64 | 0.30 | 260.00 | NOTE | |||
r-release-macos-x86_64 | 0.30 | 394.00 | NOTE | |||
r-release-windows-x86_64 | 0.30 | 660.00 | 364.00 | 1024.00 | NOTE | |
r-oldrel-macos-arm64 | 0.30 | 225.00 | NOTE | |||
r-oldrel-macos-x86_64 | 0.30 | 392.00 | NOTE | |||
r-oldrel-windows-ix86+x86_64 | 0.30 | 1969.00 | 475.00 | 2444.00 | NOTE |
Version: 0.30
Check: installed package size
Result: NOTE
installed size is 6.3Mb
sub-directories of 1Mb or more:
extdata 3.3Mb
libs 1.7Mb
Flavors: r-devel-linux-x86_64-fedora-clang, r-devel-windows-x86_64, r-release-macos-arm64, r-release-macos-x86_64, r-release-windows-x86_64, r-oldrel-macos-arm64, r-oldrel-macos-x86_64, r-oldrel-windows-ix86+x86_64