Last updated on 2024-04-19 11:56:57 CEST.
Flavor | Version | Tinstall | Tcheck | Ttotal | Status | Flags |
---|---|---|---|---|---|---|
r-devel-linux-x86_64-debian-clang | 1.3.3 | 141.48 | 30.07 | 171.55 | OK | |
r-devel-linux-x86_64-debian-gcc | 1.3.3 | OK | ||||
r-devel-linux-x86_64-fedora-clang | 1.3.3 | 374.10 | OK | |||
r-devel-linux-x86_64-fedora-gcc | 1.3.3 | 305.47 | OK | |||
r-prerel-macos-arm64 | 1.3.3 | 69.00 | NOTE | |||
r-prerel-macos-x86_64 | 1.3.3 | 80.00 | NOTE | |||
r-prerel-windows-x86_64 | 1.3.3 | 135.00 | 77.00 | 212.00 | OK | |
r-patched-linux-x86_64 | 1.3.3 | 164.48 | 28.89 | 193.37 | OK | |
r-release-linux-x86_64 | 1.3.3 | 183.46 | 28.67 | 212.13 | OK | |
r-release-macos-arm64 | 1.3.3 | 74.00 | NOTE | |||
r-release-macos-x86_64 | 1.3.3 | 74.00 | NOTE | |||
r-release-windows-x86_64 | 1.3.3 | 162.00 | 87.00 | 249.00 | OK | |
r-oldrel-macos-arm64 | 1.3.3 | 71.00 | NOTE | |||
r-oldrel-windows-x86_64 | 1.3.3 | 148.00 | 83.00 | 231.00 | OK |
Version: 1.3.3
Check: installed package size
Result: NOTE
installed size is 15.8Mb
sub-directories of 1Mb or more:
libs 15.7Mb
Flavors: r-prerel-macos-arm64, r-prerel-macos-x86_64, r-release-macos-arm64, r-release-macos-x86_64, r-oldrel-macos-arm64