CRAN Package Check Results for Package qlcData

Last updated on 2020-02-17 03:49:21 CET.

Flavor Version Tinstall Tcheck Ttotal Status Flags
r-devel-linux-x86_64-debian-clang 0.2.1 4.80 49.32 54.12 WARN
r-devel-linux-x86_64-debian-gcc 0.2.1 4.49 39.20 43.69 OK
r-devel-linux-x86_64-fedora-clang 0.2.1 66.94 NOTE
r-devel-linux-x86_64-fedora-gcc 0.2.1 63.81 NOTE
r-devel-windows-ix86+x86_64 0.2.1 14.00 76.00 90.00 OK
r-devel-windows-ix86+x86_64-gcc8 0.2.1 29.00 61.00 90.00 OK
r-patched-linux-x86_64 0.2.1 3.97 43.62 47.59 OK
r-patched-solaris-x86 0.2.1 97.40 NOTE
r-release-linux-x86_64 0.2.1 3.74 45.55 49.29 OK
r-release-windows-ix86+x86_64 0.2.1 10.00 68.00 78.00 OK
r-release-osx-x86_64 0.2.1 NOTE
r-oldrel-windows-ix86+x86_64 0.2.1 6.00 84.00 90.00 OK
r-oldrel-osx-x86_64 0.2.1 NOTE

Check Details

Version: 0.2.1
Check: re-building of vignette outputs
Result: WARN
    Error(s) in re-building vignettes:
     ...
    --- re-building 'orthography_processing.Rmd' using rmarkdown
    Quitting from lines 70-72 (orthography_processing.Rmd)
    Error: processing vignette 'orthography_processing.Rmd' failed with diagnostics:
    invalid multibyte string, element 8
    --- failed re-building 'orthography_processing.Rmd'
    
    --- re-building 'recoding_nominal_data.Rmd' using rmarkdown
    --- finished re-building 'recoding_nominal_data.Rmd'
    
    SUMMARY: processing the following file failed:
     'orthography_processing.Rmd'
    
    Error: Vignette re-building failed.
    Execution halted
Flavor: r-devel-linux-x86_64-debian-clang

Version: 0.2.1
Check: data for non-ASCII characters
Result: NOTE
     Note: found 1459 marked UTF-8 strings
Flavors: r-devel-linux-x86_64-fedora-clang, r-devel-linux-x86_64-fedora-gcc, r-patched-solaris-x86, r-release-osx-x86_64, r-oldrel-osx-x86_64