CRAN Package Check Results for Package qiitr

Last updated on 2025-07-25 12:50:14 CEST.

Flavor Version Tinstall Tcheck Ttotal Status Flags
r-devel-linux-x86_64-debian-clang 0.1.1 2.08 22.65 24.73 OK
r-devel-linux-x86_64-debian-gcc 0.1.1 1.50 18.17 19.67 OK
r-devel-linux-x86_64-fedora-clang 0.1.1 36.95 OK
r-devel-linux-x86_64-fedora-gcc 0.1.1 34.58 OK
r-devel-windows-x86_64 0.1.1 4.00 55.00 59.00 OK
r-patched-linux-x86_64 0.1.1 2.23 20.36 22.59 OK
r-release-linux-x86_64 0.1.1 2.00 20.98 22.98 OK
r-release-macos-arm64 0.1.1 19.00 OK
r-release-macos-x86_64 0.1.1 49.00 OK
r-release-windows-x86_64 0.1.1 3.00 46.00 49.00 OK
r-oldrel-macos-arm64 0.1.1 15.00 NOTE
r-oldrel-macos-x86_64 0.1.1 25.00 NOTE
r-oldrel-windows-x86_64 0.1.1 4.00 48.00 52.00 NOTE

Check Details

Version: 0.1.1
Check: LazyData
Result: NOTE 'LazyData' is specified without a 'data' directory Flavors: r-oldrel-macos-arm64, r-oldrel-macos-x86_64, r-oldrel-windows-x86_64