CRAN Package Check Results for Package qdapTools

Last updated on 2021-03-01 21:48:38 CET.

Flavor Version Tinstall Tcheck Ttotal Status Flags
r-devel-linux-x86_64-debian-clang 1.3.5 OK
r-devel-linux-x86_64-debian-gcc 1.3.5 3.26 37.62 40.88 OK
r-devel-linux-x86_64-fedora-clang 1.3.5 72.45 OK
r-devel-linux-x86_64-fedora-gcc 1.3.5 59.23 OK
r-devel-windows-ix86+x86_64 1.3.5 13.00 50.00 63.00 OK
r-patched-linux-x86_64 1.3.5 4.26 45.68 49.94 OK
r-patched-solaris-x86 1.3.5 90.70 OK
r-release-linux-x86_64 1.3.5 4.32 43.99 48.31 OK
r-release-macos-x86_64 1.3.5 OK
r-release-windows-ix86+x86_64 1.3.5 18.00 9.00 27.00 ERROR
r-oldrel-macos-x86_64 1.3.5 OK
r-oldrel-windows-ix86+x86_64 1.3.5 7.00 72.00 79.00 OK

Check Details

Version: 1.3.5
Check: whether package can be installed
Result: ERROR
    Installation failed.
Flavor: r-release-windows-ix86+x86_64