Last updated on 2021-03-07 21:48:56 CET.
Flavor | Version | Tinstall | Tcheck | Ttotal | Status | Flags |
---|---|---|---|---|---|---|
r-devel-linux-x86_64-debian-clang | 0.74 | 13.95 | 173.99 | 187.94 | NOTE | |
r-devel-linux-x86_64-debian-gcc | 0.74 | 12.27 | 127.97 | 140.24 | NOTE | |
r-devel-linux-x86_64-fedora-clang | 0.74 | 228.77 | NOTE | |||
r-devel-linux-x86_64-fedora-gcc | 0.74 | 214.26 | NOTE | |||
r-devel-windows-ix86+x86_64 | 0.74 | 27.00 | 170.00 | 197.00 | OK | |
r-devel-windows-x86_64-gcc10-UCRT | 0.74 | OK | ||||
r-patched-linux-x86_64 | 0.74 | 12.25 | 164.09 | 176.34 | NOTE | |
r-patched-solaris-x86 | 0.74 | 271.40 | NOTE | |||
r-release-linux-x86_64 | 0.74 | 13.21 | 164.65 | 177.86 | NOTE | |
r-release-macos-x86_64 | 0.74 | OK | ||||
r-release-windows-ix86+x86_64 | 0.74 | 19.00 | 188.00 | 207.00 | OK | |
r-oldrel-macos-x86_64 | 0.74 | OK | ||||
r-oldrel-windows-ix86+x86_64 | 0.74 | 17.00 | 147.00 | 164.00 | OK |
Version: 0.74
Check: for non-standard things in the check directory
Result: NOTE
Found the following files/directories:
'exampleplot_1_blockdist_1.png' 'exampleplot_1_blockdist_2.png'
'exampleplot_1_blockdist_3.png' 'exampleplot_1_bootdist.png'
'exampleplot_1_dist.png' 'exampleplot_1_histogramtest_EMD.png'
'exampleplot_1_roc_dynamic.png' 'exampleplot_1_slidedist_1.png'
'exampleplot_1_slidedist_2.png' 'exampleplot_1_slidedist_3.png'
'exampleplot_1_trimmeddist.png' 'exampleplot_blockdist_1.png'
'exampleplot_blockdist_2.png' 'exampleplot_blockdist_3.png'
'exampleplot_bootdist.png' 'exampleplot_dist.png'
'exampleplot_lim_dyn.png' 'exampleplot_lim_sig.png'
'exampleplot_lim_sta.png' 'exampleplot_noc.png'
'exampleplot_roc_dyn.png' 'exampleplot_roc_sta.png'
'exampleplot_slidedist_1.png' 'exampleplot_slidedist_2.png'
'exampleplot_slidedist_3.png' 'exampleplot_trimmeddist.png'
'myworkflow_result.xml' 'test_2_roc_dynamic.png' 'test_4_dist.png'
'test_5_blockdist_1.png' 'test_5_blockdist_2.png'
'test_5_blockdist_3.png' 'test_6_slidedist_1.png'
'test_6_slidedist_2.png' 'test_6_slidedist_3.png'
'test_7_trimmeddist.png' 'test_8_bootdist.png' 'test_emd_1d.png'
'test_emd_2d.png' 'test_jsd_1d.png' 'test_jsd_2d.png'
'test_kld_1d.png' 'test_kld_2d.png' 'test_ms_1d.png' 'test_ms_2d.png'
'test_rms_1d.png' 'test_rms_2d.png'
Flavors: r-devel-linux-x86_64-debian-clang, r-devel-linux-x86_64-debian-gcc, r-devel-linux-x86_64-fedora-clang, r-devel-linux-x86_64-fedora-gcc, r-patched-linux-x86_64, r-patched-solaris-x86, r-release-linux-x86_64