CRAN Package Check Results for Package qPCRtools

Last updated on 2022-10-06 21:50:02 CEST.

Flavor Version Tinstall Tcheck Ttotal Status Flags
r-devel-linux-x86_64-debian-clang 0.2.1 14.68 147.26 161.94 OK
r-devel-linux-x86_64-debian-gcc 0.2.1 12.77 107.71 120.48 OK
r-devel-linux-x86_64-fedora-clang 0.2.1 206.56 NOTE
r-devel-linux-x86_64-fedora-gcc 0.2.1 207.10 NOTE
r-devel-windows-x86_64 0.2.1 31.00 162.00 193.00 OK
r-patched-linux-x86_64 0.2.1 15.26 136.64 151.90 OK
r-release-linux-x86_64 0.2.1 14.04 135.37 149.41 OK
r-release-macos-arm64 0.2.1 49.00 NOTE
r-release-macos-x86_64 0.2.1 76.00 NOTE
r-release-windows-x86_64 0.2.1 30.00 160.00 190.00 OK
r-oldrel-macos-arm64 0.2.1 40.00 NOTE
r-oldrel-macos-x86_64 0.2.1 75.00 NOTE
r-oldrel-windows-ix86+x86_64 0.2.1 37.00 160.00 197.00 OK

Check Details

Version: 0.2.1
Check: dependencies in R code
Result: NOTE
    Namespaces in Imports field not imported from:
     ‘data.table’ ‘readxl’ ‘reshape2’ ‘sjmisc’ ‘stringr’ ‘xlsx’
     All declared Imports should be used.
Flavors: r-devel-linux-x86_64-fedora-clang, r-devel-linux-x86_64-fedora-gcc, r-release-macos-arm64, r-release-macos-x86_64, r-oldrel-macos-arm64, r-oldrel-macos-x86_64