Last updated on 2023-03-25 03:52:07 CET.
Flavor | Version | Tinstall | Tcheck | Ttotal | Status | Flags |
---|---|---|---|---|---|---|
r-devel-linux-x86_64-debian-clang | 0.2.1 | 15.54 | 141.47 | 157.01 | OK | |
r-devel-linux-x86_64-debian-gcc | 0.2.1 | 11.26 | 105.08 | 116.34 | OK | |
r-devel-linux-x86_64-fedora-clang | 0.2.1 | 202.49 | NOTE | |||
r-devel-linux-x86_64-fedora-gcc | 0.2.1 | 204.40 | NOTE | |||
r-patched-linux-x86_64 | 0.2.1 | 13.79 | 136.99 | 150.78 | OK | |
r-release-linux-x86_64 | 0.2.1 | 12.42 | 132.89 | 145.31 | OK | |
r-release-macos-arm64 | 0.2.1 | 49.00 | NOTE | |||
r-release-macos-x86_64 | 0.2.1 | 76.00 | NOTE | |||
r-release-windows-x86_64 | 0.2.1 | 32.00 | 163.00 | 195.00 | OK | |
r-oldrel-macos-arm64 | 0.2.1 | 40.00 | NOTE | |||
r-oldrel-macos-x86_64 | 0.2.1 | 75.00 | NOTE | |||
r-oldrel-windows-ix86+x86_64 | 0.2.1 | 35.00 | 161.00 | 196.00 | OK |
Version: 0.2.1
Check: dependencies in R code
Result: NOTE
Namespaces in Imports field not imported from:
‘data.table’ ‘readxl’ ‘reshape2’ ‘sjmisc’ ‘stringr’ ‘xlsx’
All declared Imports should be used.
Flavors: r-devel-linux-x86_64-fedora-clang, r-devel-linux-x86_64-fedora-gcc, r-release-macos-arm64, r-release-macos-x86_64, r-oldrel-macos-arm64, r-oldrel-macos-x86_64