CRAN Package Check Results for Package pysd2r

Last updated on 2025-02-08 12:49:41 CET.

Flavor Version Tinstall Tcheck Ttotal Status Flags
r-devel-linux-x86_64-debian-clang 0.1.0 3.41 23.92 27.33 OK
r-devel-linux-x86_64-debian-gcc 0.1.0 3.24 19.12 22.36 OK
r-devel-linux-x86_64-fedora-clang 0.1.0 46.54 NOTE
r-devel-linux-x86_64-fedora-gcc 0.1.0 59.25 NOTE
r-devel-windows-x86_64 0.1.0 6.00 48.00 54.00 OK
r-patched-linux-x86_64 0.1.0 3.44 22.66 26.10 NOTE
r-release-linux-x86_64 0.1.0 3.33 22.77 26.10 NOTE
r-release-macos-arm64 0.1.0 25.00 NOTE
r-release-macos-x86_64 0.1.0 36.00 NOTE
r-release-windows-x86_64 0.1.0 6.00 47.00 53.00 NOTE
r-oldrel-macos-arm64 0.1.0 24.00 NOTE
r-oldrel-macos-x86_64 0.1.0 36.00 NOTE
r-oldrel-windows-x86_64 0.1.0 6.00 51.00 57.00 NOTE

Check Details

Version: 0.1.0
Check: dependencies in R code
Result: NOTE Namespace in Imports field not imported from: ‘knitr’ All declared Imports should be used. Flavors: r-devel-linux-x86_64-fedora-clang, r-devel-linux-x86_64-fedora-gcc

Version: 0.1.0
Check: LazyData
Result: NOTE 'LazyData' is specified without a 'data' directory Flavors: r-patched-linux-x86_64, r-release-linux-x86_64, r-release-macos-arm64, r-release-macos-x86_64, r-release-windows-x86_64, r-oldrel-macos-arm64, r-oldrel-macos-x86_64, r-oldrel-windows-x86_64