CRAN Package Check Results for Package pylintR

Last updated on 2025-04-30 06:51:27 CEST.

Flavor Version Tinstall Tcheck Ttotal Status Flags
r-devel-linux-x86_64-debian-clang 0.1.0 2.42 22.85 25.27 NOTE
r-devel-linux-x86_64-debian-gcc 0.1.0 1.80 18.39 20.19 NOTE
r-devel-linux-x86_64-fedora-clang 0.1.0 39.19 OK
r-devel-linux-x86_64-fedora-gcc 0.1.0 38.44 OK
r-devel-windows-x86_64 0.1.0 4.00 46.00 50.00 OK
r-patched-linux-x86_64 0.1.0 1.96 21.76 23.72 OK
r-release-linux-x86_64 0.1.0 2.28 22.08 24.36 OK
r-release-macos-arm64 0.1.0 18.00 OK
r-release-macos-x86_64 0.1.0 46.00 OK
r-release-windows-x86_64 0.1.0 5.00 45.00 50.00 OK
r-oldrel-macos-arm64 0.1.0 19.00 OK
r-oldrel-macos-x86_64 0.1.0 27.00 OK
r-oldrel-windows-x86_64 0.1.0 5.00 46.00 51.00 OK

Check Details

Version: 0.1.0
Check: CRAN incoming feasibility
Result: NOTE Maintainer: ‘Stéphane Laurent <laurent_step@outlook.fr>’ No Authors@R field in DESCRIPTION. Please add one, modifying Authors@R: person(given = "Stéphane", family = "Laurent", role = c("aut", "cre"), email = "laurent_step@outlook.fr") as necessary. Flavors: r-devel-linux-x86_64-debian-clang, r-devel-linux-x86_64-debian-gcc