Last updated on 2023-09-29 12:57:06 CEST.
Flavor | Version | Tinstall | Tcheck | Ttotal | Status | Flags |
---|---|---|---|---|---|---|
r-devel-linux-x86_64-debian-clang | 1.1.1 | 54.80 | 34.63 | 89.43 | OK | |
r-devel-linux-x86_64-debian-gcc | 1.1.1 | 40.15 | 28.29 | 68.44 | OK | |
r-devel-linux-x86_64-fedora-clang | 1.1.1 | 117.05 | NOTE | |||
r-devel-linux-x86_64-fedora-gcc | 1.1.1 | 141.10 | NOTE | |||
r-devel-windows-x86_64 | 1.1.1 | 40.00 | 67.00 | 107.00 | OK | |
r-patched-linux-x86_64 | 1.1.1 | 40.50 | 34.77 | 75.27 | OK | |
r-release-linux-x86_64 | 1.1.1 | 41.02 | 35.58 | 76.60 | OK | |
r-release-macos-arm64 | 1.1.1 | 45.00 | NOTE | |||
r-release-macos-x86_64 | 1.1.1 | 68.00 | NOTE | |||
r-release-windows-x86_64 | 1.1.1 | 50.00 | 77.00 | 127.00 | OK | |
r-oldrel-macos-arm64 | 1.1.1 | 37.00 | NOTE | |||
r-oldrel-macos-x86_64 | 1.1.1 | 50.00 | NOTE | |||
r-oldrel-windows-x86_64 | 1.1.1 | 45.00 | 73.00 | 118.00 | OK |
Version: 1.1.1
Check: dependencies in R code
Result: NOTE
Namespaces in Imports field not imported from:
‘Rcpp’ ‘RcppEigen’
All declared Imports should be used.
Flavors: r-devel-linux-x86_64-fedora-clang, r-devel-linux-x86_64-fedora-gcc, r-oldrel-macos-arm64, r-oldrel-macos-x86_64
Version: 1.1.1
Check: installed package size
Result: NOTE
installed size is 16.6Mb
sub-directories of 1Mb or more:
libs 16.3Mb
Flavors: r-release-macos-arm64, r-release-macos-x86_64, r-oldrel-macos-arm64, r-oldrel-macos-x86_64