Last updated on 2024-04-25 06:02:21 CEST.
Flavor | Version | Tinstall | Tcheck | Ttotal | Status | Flags |
---|---|---|---|---|---|---|
r-devel-linux-x86_64-debian-clang | 0.0.8 | 46.90 | 53.01 | 99.91 | NOTE | |
r-devel-linux-x86_64-debian-gcc | 0.0.8 | 38.66 | 39.18 | 77.84 | NOTE | |
r-devel-linux-x86_64-fedora-clang | 0.0.8 | 145.82 | NOTE | |||
r-devel-linux-x86_64-fedora-gcc | 0.0.8 | 135.11 | NOTE | |||
r-devel-windows-x86_64 | 0.0.8 | 43.00 | 72.00 | 115.00 | NOTE | |
r-patched-linux-x86_64 | 0.0.8 | 52.62 | 48.90 | 101.52 | NOTE | |
r-release-linux-x86_64 | 0.0.8 | 49.30 | 51.05 | 100.35 | NOTE | |
r-release-macos-arm64 | 0.0.8 | 35.00 | NOTE | |||
r-release-windows-x86_64 | 0.0.8 | 41.00 | 75.00 | 116.00 | NOTE | |
r-oldrel-macos-arm64 | 0.0.8 | 40.00 | NOTE | |||
r-oldrel-macos-x86_64 | 0.0.8 | 65.00 | NOTE | |||
r-oldrel-windows-x86_64 | 0.0.8 | 52.00 | 85.00 | 137.00 | NOTE |
Version: 0.0.8
Check: C++ specification
Result: NOTE
Specified C++11: please drop specification unless essential
Flavors: r-devel-linux-x86_64-debian-clang, r-devel-linux-x86_64-debian-gcc, r-devel-linux-x86_64-fedora-clang, r-devel-linux-x86_64-fedora-gcc, r-devel-windows-x86_64, r-patched-linux-x86_64, r-release-linux-x86_64, r-release-macos-arm64, r-release-windows-x86_64, r-oldrel-macos-arm64, r-oldrel-macos-x86_64, r-oldrel-windows-x86_64