CRAN Package Check Results for Package purrr

Last updated on 2021-01-26 12:50:38 CET.

Flavor Version Tinstall Tcheck Ttotal Status Flags
r-devel-linux-x86_64-debian-clang 0.3.4 6.50 52.11 58.61 OK
r-devel-linux-x86_64-debian-gcc 0.3.4 5.21 38.53 43.74 OK
r-devel-linux-x86_64-fedora-clang 0.3.4 78.31 NOTE
r-devel-linux-x86_64-fedora-gcc 0.3.4 69.34 OK
r-devel-windows-ix86+x86_64 0.3.4 20.00 88.00 108.00 OK
r-patched-linux-x86_64 0.3.4 5.92 49.94 55.86 OK
r-patched-solaris-x86 0.3.4 92.70 OK
r-release-linux-x86_64 0.3.4 5.96 50.32 56.28 OK
r-release-macos-x86_64 0.3.4 OK
r-release-windows-ix86+x86_64 0.3.4 21.00 77.00 98.00 OK
r-oldrel-macos-x86_64 0.3.4 OK
r-oldrel-windows-ix86+x86_64 0.3.4 15.00 95.00 110.00 OK

Check Details

Version: 0.3.4
Check: Rd cross-references
Result: NOTE
    Undeclared packages ‘vctrs’, ‘httr’ in Rd xrefs
Flavor: r-devel-linux-x86_64-fedora-clang