CRAN Package Check Results for Package purgeR

Last updated on 2022-01-19 21:50:45 CET.

Flavor Version Tinstall Tcheck Ttotal Status Flags
r-devel-linux-x86_64-debian-clang 1.4 OK
r-devel-linux-x86_64-debian-gcc 1.4 72.06 159.64 231.70 OK
r-devel-linux-x86_64-fedora-clang 1.4 365.29 OK
r-devel-linux-x86_64-fedora-gcc 1.4 346.24 OK
r-devel-windows-x86_64-new-UL 1.4 143.00 264.00 407.00 OK
r-devel-windows-x86_64-new-TK 1.4 OK
r-patched-linux-x86_64 1.4 82.24 168.59 250.83 OK
r-release-linux-x86_64 1.4 OK
r-release-macos-arm64 1.4 NOTE
r-release-macos-x86_64 1.4 OK
r-release-windows-ix86+x86_64 1.4 224.00 256.00 480.00 OK
r-oldrel-macos-x86_64 1.4 OK
r-oldrel-windows-ix86+x86_64 1.4 228.00 252.00 480.00 OK

Check Details

Version: 1.4
Check: installed package size
Result: NOTE
     installed size is 5.2Mb
     sub-directories of 1Mb or more:
     libs 4.5Mb
Flavor: r-release-macos-arm64