CRAN Package Check Results for Package purge

Last updated on 2023-11-30 12:49:32 CET.

Flavor Version Tinstall Tcheck Ttotal Status Flags
r-devel-linux-x86_64-debian-clang 0.2.1 2.22 31.66 33.88 NOTE
r-devel-linux-x86_64-debian-gcc 0.2.1 1.69 23.41 25.10 NOTE
r-devel-linux-x86_64-fedora-clang 0.2.1 43.18 NOTE
r-devel-linux-x86_64-fedora-gcc 0.2.1 40.41 NOTE
r-devel-windows-x86_64 0.2.1 3.00 45.00 48.00 NOTE
r-patched-linux-x86_64 0.2.1 2.12 31.04 33.16 NOTE
r-release-linux-x86_64 0.2.1 1.81 31.06 32.87 NOTE
r-release-macos-arm64 0.2.1 20.00 NOTE
r-release-macos-x86_64 0.2.1 27.00 NOTE
r-release-windows-x86_64 0.2.1 3.00 49.00 52.00 NOTE
r-oldrel-macos-arm64 0.2.1 27.00 NOTE
r-oldrel-macos-x86_64 0.2.1 24.00 NOTE
r-oldrel-windows-x86_64 0.2.1 3.00 52.00 55.00 NOTE

Check Details

Version: 0.2.1
Check: LazyData
Result: NOTE 'LazyData' is specified without a 'data' directory Flavors: r-devel-linux-x86_64-debian-clang, r-devel-linux-x86_64-debian-gcc, r-devel-linux-x86_64-fedora-clang, r-devel-linux-x86_64-fedora-gcc, r-devel-windows-x86_64, r-patched-linux-x86_64, r-release-linux-x86_64, r-release-macos-arm64, r-release-macos-x86_64, r-release-windows-x86_64, r-oldrel-macos-arm64, r-oldrel-macos-x86_64, r-oldrel-windows-x86_64