CRAN Package Check Results for Package pubtatordb

Last updated on 2024-05-27 12:51:41 CEST.

Flavor Version Tinstall Tcheck Ttotal Status Flags
r-devel-linux-x86_64-debian-clang 0.1.4 2.72 31.61 34.33 NOTE
r-devel-linux-x86_64-debian-gcc 0.1.4 2.13 24.70 26.83 NOTE
r-devel-linux-x86_64-fedora-clang 0.1.4 46.30 NOTE
r-devel-linux-x86_64-fedora-gcc 0.1.4 53.99 NOTE
r-devel-windows-x86_64 0.1.4 3.00 48.00 51.00 NOTE
r-patched-linux-x86_64 0.1.4 2.70 30.83 33.53 NOTE
r-release-linux-x86_64 0.1.4 1.64 29.86 31.50 NOTE
r-release-macos-arm64 0.1.4 24.00 NOTE
r-release-windows-x86_64 0.1.4 4.00 50.00 54.00 NOTE
r-oldrel-macos-arm64 0.1.4 26.00 NOTE
r-oldrel-macos-x86_64 0.1.4 30.00 NOTE
r-oldrel-windows-x86_64 0.1.4 4.00 51.00 55.00 NOTE

Additional issues

donttest

Check Details

Version: 0.1.4
Check: LazyData
Result: NOTE 'LazyData' is specified without a 'data' directory Flavors: r-devel-linux-x86_64-debian-clang, r-devel-linux-x86_64-debian-gcc, r-devel-linux-x86_64-fedora-clang, r-devel-linux-x86_64-fedora-gcc, r-devel-windows-x86_64, r-patched-linux-x86_64, r-release-linux-x86_64, r-release-macos-arm64, r-release-windows-x86_64, r-oldrel-macos-arm64, r-oldrel-macos-x86_64, r-oldrel-windows-x86_64