Last updated on 2022-07-04 06:51:32 CEST.
Flavor | Version | Tinstall | Tcheck | Ttotal | Status | Flags |
---|---|---|---|---|---|---|
r-devel-linux-x86_64-debian-clang | 1.2.7 | 12.71 | 382.60 | 395.31 | OK | |
r-devel-linux-x86_64-debian-gcc | 1.2.7 | 9.58 | 272.31 | 281.89 | OK | |
r-devel-linux-x86_64-fedora-clang | 1.2.7 | 413.76 | NOTE | |||
r-devel-linux-x86_64-fedora-gcc | 1.2.7 | 426.77 | NOTE | |||
r-devel-windows-x86_64 | 1.2.7 | 38.00 | 402.00 | 440.00 | OK | |
r-patched-linux-x86_64 | 1.2.7 | 18.24 | 341.07 | 359.31 | OK | |
r-release-linux-x86_64 | 1.2.7 | 10.34 | 342.92 | 353.26 | OK | |
r-release-macos-arm64 | 1.2.7 | 122.00 | NOTE | |||
r-release-macos-x86_64 | 1.2.7 | 207.00 | NOTE | |||
r-release-windows-x86_64 | 1.2.7 | 42.00 | 409.00 | 451.00 | OK | |
r-oldrel-macos-arm64 | 1.2.7 | 121.00 | NOTE | |||
r-oldrel-macos-x86_64 | 1.2.7 | 155.00 | NOTE | |||
r-oldrel-windows-ix86+x86_64 | 1.2.7 | 38.00 | 431.00 | 469.00 | OK |
Version: 1.2.7
Check: dependencies in R code
Result: NOTE
Namespaces in Imports field not imported from:
‘Hmisc’ ‘sjPlot’
All declared Imports should be used.
Flavors: r-devel-linux-x86_64-fedora-clang, r-devel-linux-x86_64-fedora-gcc, r-release-macos-arm64, r-release-macos-x86_64, r-oldrel-macos-arm64, r-oldrel-macos-x86_64