Last updated on 2025-02-01 12:48:36 CET.
Flavor | Version | Tinstall | Tcheck | Ttotal | Status | Flags |
---|---|---|---|---|---|---|
r-devel-linux-x86_64-debian-clang | 1.1-4 | 4.03 | 37.96 | 41.99 | NOTE | |
r-devel-linux-x86_64-debian-gcc | 1.1-4 | 3.40 | 29.01 | 32.41 | NOTE | |
r-devel-linux-x86_64-fedora-clang | 1.1-4 | 68.52 | OK | |||
r-devel-linux-x86_64-fedora-gcc | 1.1-4 | 62.61 | OK | |||
r-devel-windows-x86_64 | 1.1-4 | 6.00 | 70.00 | 76.00 | NOTE | |
r-patched-linux-x86_64 | 1.1-4 | 8.05 | 35.75 | 43.80 | OK | |
r-release-linux-x86_64 | 1.1-4 | 4.27 | 35.79 | 40.06 | OK | |
r-release-macos-arm64 | 1.1-4 | 23.00 | OK | |||
r-release-macos-x86_64 | 1.1-4 | 38.00 | OK | |||
r-release-windows-x86_64 | 1.1-4 | 6.00 | 64.00 | 70.00 | OK | |
r-oldrel-macos-arm64 | 1.1-4 | 23.00 | OK | |||
r-oldrel-macos-x86_64 | 1.1-4 | 33.00 | OK | |||
r-oldrel-windows-x86_64 | 1.1-4 | 6.00 | 62.00 | 68.00 | OK |
Version: 1.1-4
Check: Rd cross-references
Result: NOTE
Found the following Rd file(s) with Rd \link{} targets missing package
anchors:
ptycho.Rd: mcmc.list, mcmc
Please provide package anchors for all Rd \link{} targets not in the
package itself and the base packages.
Flavors: r-devel-linux-x86_64-debian-clang, r-devel-linux-x86_64-debian-gcc, r-devel-windows-x86_64