Last updated on 2024-03-28 12:50:43 CET.
Flavor | Version | Tinstall | Tcheck | Ttotal | Status | Flags |
---|---|---|---|---|---|---|
r-devel-linux-x86_64-debian-clang | 1.1.3 | 4.64 | 367.00 | 371.64 | OK | |
r-devel-linux-x86_64-debian-gcc | 1.1.3 | 3.68 | 265.52 | 269.20 | OK | |
r-devel-linux-x86_64-fedora-clang | 1.1.3 | 465.75 | OK | |||
r-devel-linux-x86_64-fedora-gcc | 1.1.3 | 501.92 | OK | |||
r-devel-windows-x86_64 | 1.1.3 | 5.00 | 242.00 | 247.00 | OK | |
r-patched-linux-x86_64 | 1.1.3 | 5.07 | 365.08 | 370.15 | OK | |
r-release-linux-x86_64 | 1.1.3 | 2.92 | 353.93 | 356.85 | OK | |
r-release-macos-arm64 | 1.1.3 | 106.00 | OK | |||
r-release-macos-x86_64 | 1.1.3 | 233.00 | OK | |||
r-release-windows-x86_64 | 1.1.3 | 6.00 | 349.00 | 355.00 | OK | |
r-oldrel-macos-arm64 | 1.1.3 | 12.00 | ERROR | |||
r-oldrel-windows-x86_64 | 1.1.3 | 6.00 | 348.00 | 354.00 | OK |
Version: 1.1.3
Check: package dependencies
Result: ERROR
Package required but not available: ‘tweeDEseq’
See section ‘The DESCRIPTION file’ in the ‘Writing R Extensions’
manual.
Flavor: r-oldrel-macos-arm64