Last updated on 2023-09-23 21:52:53 CEST.
Flavor | Version | Tinstall | Tcheck | Ttotal | Status | Flags |
---|---|---|---|---|---|---|
r-devel-linux-x86_64-debian-clang | 0.0.1 | 52.40 | 72.01 | 124.41 | NOTE | |
r-devel-linux-x86_64-debian-gcc | 0.0.1 | 31.92 | 56.31 | 88.23 | NOTE | |
r-devel-linux-x86_64-fedora-clang | 0.0.1 | 157.48 | NOTE | |||
r-devel-linux-x86_64-fedora-gcc | 0.0.1 | 160.79 | NOTE | |||
r-devel-windows-x86_64 | 0.0.1 | 36.00 | 86.00 | 122.00 | NOTE | |
r-patched-linux-x86_64 | 0.0.1 | 46.86 | 72.00 | 118.86 | OK | |
r-release-linux-x86_64 | 0.0.1 | 46.75 | 71.70 | 118.45 | OK | |
r-release-macos-arm64 | 0.0.1 | 45.00 | OK | |||
r-release-macos-x86_64 | 0.0.1 | 83.00 | OK | |||
r-release-windows-x86_64 | 0.0.1 | 47.00 | 106.00 | 153.00 | OK | |
r-oldrel-macos-arm64 | 0.0.1 | 43.00 | OK | |||
r-oldrel-macos-x86_64 | 0.0.1 | 57.00 | OK | |||
r-oldrel-windows-x86_64 | 0.0.1 | 44.00 | 103.00 | 147.00 | OK |
Version: 0.0.1
Check: Rd metadata
Result: NOTE
Invalid package aliases in Rd file 'package-ptf.Rd':
‘package-ptf-package’
Flavors: r-devel-linux-x86_64-debian-clang, r-devel-linux-x86_64-debian-gcc, r-devel-linux-x86_64-fedora-clang, r-devel-linux-x86_64-fedora-gcc, r-devel-windows-x86_64