CRAN Package Check Results for Package psychonetrics

Last updated on 2022-01-26 06:50:25 CET.

Flavor Version Tinstall Tcheck Ttotal Status Flags
r-devel-linux-x86_64-debian-clang 0.10 914.71 219.85 1134.56 OK
r-devel-linux-x86_64-debian-gcc 0.10 687.77 160.69 848.46 OK
r-devel-linux-x86_64-fedora-clang 0.10 1818.58 NOTE
r-devel-linux-x86_64-fedora-gcc 0.10 1664.43 OK
r-devel-windows-x86_64-new-UL 0.10 1196.00 271.00 1467.00 OK
r-devel-windows-x86_64-new-TK 0.10 ERROR
r-patched-linux-x86_64 0.10 715.27 204.75 920.02 OK
r-release-linux-x86_64 0.10 659.04 197.15 856.19 OK
r-release-macos-arm64 0.10 NOTE
r-release-macos-x86_64 0.10 NOTE
r-release-windows-ix86+x86_64 0.10 2216.00 308.00 2524.00 NOTE
r-oldrel-macos-x86_64 0.10 NOTE
r-oldrel-windows-ix86+x86_64 0.10 2217.00 307.00 2524.00 NOTE

Additional issues

donttest

Check Details

Version: 0.10
Check: installed package size
Result: NOTE
     installed size is 35.9Mb
     sub-directories of 1Mb or more:
     libs 34.9Mb
Flavors: r-devel-linux-x86_64-fedora-clang, r-release-macos-arm64, r-release-macos-x86_64, r-release-windows-ix86+x86_64, r-oldrel-macos-x86_64, r-oldrel-windows-ix86+x86_64

Version: 0.10
Check: package dependencies
Result: ERROR
    Package required but not available: 'VCA'
    
    Package suggested but not available for checking: 'semPlot'
    
    See section 'The DESCRIPTION file' in the 'Writing R Extensions'
    manual.
Flavor: r-devel-windows-x86_64-new-TK