Last updated on 2024-04-18 12:52:55 CEST.
Flavor | Version | Tinstall | Tcheck | Ttotal | Status | Flags |
---|---|---|---|---|---|---|
r-devel-linux-x86_64-debian-clang | 0.5.0 | 7.50 | 234.92 | 242.42 | OK | |
r-devel-linux-x86_64-debian-gcc | 0.5.0 | 6.22 | 168.86 | 175.08 | OK | |
r-devel-linux-x86_64-fedora-clang | 0.5.0 | 309.51 | NOTE | |||
r-devel-linux-x86_64-fedora-gcc | 0.5.0 | 314.35 | NOTE | |||
r-prerel-macos-arm64 | 0.5.0 | 78.00 | OK | |||
r-prerel-windows-x86_64 | 0.5.0 | 9.00 | 174.00 | 183.00 | OK | |
r-patched-linux-x86_64 | 0.5.0 | 9.82 | 217.20 | 227.02 | OK | |
r-release-linux-x86_64 | 0.5.0 | 5.93 | 217.55 | 223.48 | OK | |
r-release-macos-arm64 | 0.5.0 | 105.00 | OK | |||
r-release-macos-x86_64 | 0.5.0 | 198.00 | OK | |||
r-release-windows-x86_64 | 0.5.0 | 11.00 | 230.00 | 241.00 | OK | |
r-oldrel-macos-arm64 | 0.5.0 | 85.00 | OK | |||
r-oldrel-windows-x86_64 | 0.5.0 | 11.00 | 226.00 | 237.00 | OK |
Version: 0.5.0
Check: dependencies in R code
Result: NOTE
Namespaces in Imports field not imported from:
‘lifecycle’ ‘patchwork’
All declared Imports should be used.
Flavors: r-devel-linux-x86_64-fedora-clang, r-devel-linux-x86_64-fedora-gcc