CRAN Package Check Results for Package psre

Last updated on 2022-09-26 03:56:15 CEST.

Flavor Version Tinstall Tcheck Ttotal Status Flags
r-devel-linux-x86_64-debian-clang 0.1.2 20.36 192.53 212.89 OK
r-devel-linux-x86_64-debian-gcc 0.1.2 18.25 143.12 161.37 OK
r-devel-linux-x86_64-fedora-clang 0.1.2 280.62 NOTE
r-devel-linux-x86_64-fedora-gcc 0.1.2 278.74 NOTE
r-devel-windows-x86_64 0.1.2 79.00 218.00 297.00 OK
r-patched-linux-x86_64 0.1.2 27.04 185.11 212.15 OK
r-release-linux-x86_64 0.1.2 20.98 185.07 206.05 OK
r-release-macos-arm64 0.1.2 68.00 NOTE
r-release-macos-x86_64 0.1.2 103.00 NOTE
r-release-windows-x86_64 0.1.2 82.00 200.00 282.00 OK
r-oldrel-macos-arm64 0.1.2 71.00 NOTE
r-oldrel-macos-x86_64 0.1.2 91.00 NOTE
r-oldrel-windows-ix86+x86_64 0.1.2 29.00 201.00 230.00 OK

Check Details

Version: 0.1.2
Check: data for non-ASCII characters
Result: NOTE
     Note: found 140 marked UTF-8 strings
Flavors: r-devel-linux-x86_64-fedora-clang, r-devel-linux-x86_64-fedora-gcc, r-release-macos-arm64, r-release-macos-x86_64, r-oldrel-macos-arm64, r-oldrel-macos-x86_64