Last updated on 2023-11-28 12:51:55 CET.
Flavor | Version | Tinstall | Tcheck | Ttotal | Status | Flags |
---|---|---|---|---|---|---|
r-devel-linux-x86_64-debian-clang | 1.3.1 | 4.04 | 190.05 | 194.09 | NOTE | |
r-devel-linux-x86_64-debian-gcc | 1.3.1 | 2.70 | 137.35 | 140.05 | NOTE | |
r-devel-linux-x86_64-fedora-clang | 1.3.1 | 238.04 | NOTE | |||
r-devel-linux-x86_64-fedora-gcc | 1.3.1 | 245.66 | NOTE | |||
r-devel-windows-x86_64 | 1.3.1 | 5.00 | 156.00 | 161.00 | NOTE | |
r-patched-linux-x86_64 | 1.3.1 | 5.44 | 180.48 | 185.92 | NOTE | |
r-release-linux-x86_64 | 1.3.1 | 3.61 | 182.94 | 186.55 | NOTE | |
r-release-macos-arm64 | 1.3.1 | 69.00 | NOTE | |||
r-release-macos-x86_64 | 1.3.1 | 150.00 | NOTE | |||
r-release-windows-x86_64 | 1.3.1 | 6.00 | 194.00 | 200.00 | NOTE | |
r-oldrel-macos-arm64 | 1.3.1 | 52.00 | NOTE | |||
r-oldrel-macos-x86_64 | 1.3.1 | 84.00 | NOTE | |||
r-oldrel-windows-x86_64 | 1.3.1 | 6.00 | 199.00 | 205.00 | NOTE |
Version: 1.3.1
Check: LazyData
Result: NOTE
'LazyData' is specified without a 'data' directory
Flavors: r-devel-linux-x86_64-debian-clang, r-devel-linux-x86_64-debian-gcc, r-devel-linux-x86_64-fedora-clang, r-devel-linux-x86_64-fedora-gcc, r-devel-windows-x86_64, r-patched-linux-x86_64, r-release-linux-x86_64, r-release-macos-arm64, r-release-macos-x86_64, r-release-windows-x86_64, r-oldrel-macos-arm64, r-oldrel-macos-x86_64, r-oldrel-windows-x86_64