Last updated on 2024-04-18 06:09:56 CEST.
Flavor | Version | Tinstall | Tcheck | Ttotal | Status | Flags |
---|---|---|---|---|---|---|
r-devel-linux-x86_64-debian-clang | 0.1.3 | 43.83 | 500.26 | 544.09 | OK | |
r-devel-linux-x86_64-debian-gcc | 0.1.3 | 46.51 | 354.92 | 401.43 | OK | |
r-devel-linux-x86_64-fedora-clang | 0.1.3 | 753.83 | OK | |||
r-devel-linux-x86_64-fedora-gcc | 0.1.3 | 706.50 | OK | |||
r-prerel-macos-arm64 | 0.1.3 | 180.00 | OK | |||
r-prerel-macos-x86_64 | 0.1.3 | 531.00 | NOTE | |||
r-prerel-windows-x86_64 | 0.1.3 | 50.00 | 319.00 | 369.00 | OK | |
r-patched-linux-x86_64 | 0.1.3 | 48.43 | 463.09 | 511.52 | OK | |
r-release-linux-x86_64 | 0.1.3 | 47.54 | 479.83 | 527.37 | OK | |
r-release-macos-arm64 | 0.1.3 | 10.00 | ERROR | |||
r-release-macos-x86_64 | 0.1.3 | 6.00 | ERROR | |||
r-release-windows-x86_64 | 0.1.3 | 71.00 | 430.00 | 501.00 | OK | |
r-oldrel-macos-arm64 | 0.1.3 | 167.00 | OK | |||
r-oldrel-windows-x86_64 | 0.1.3 | 62.00 | 381.00 | 443.00 | OK |
Version: 0.1.3
Check: installed package size
Result: NOTE
installed size is 5.4Mb
sub-directories of 1Mb or more:
data 4.9Mb
Flavor: r-prerel-macos-x86_64
Version: 0.1.3
Check: package dependencies
Result: ERROR
Package required but not available: ‘GSVA’
See section ‘The DESCRIPTION file’ in the ‘Writing R Extensions’
manual.
Flavors: r-release-macos-arm64, r-release-macos-x86_64