CRAN Package Check Results for Package psSubpathway

Last updated on 2022-01-26 11:53:47 CET.

Flavor Version Tinstall Tcheck Ttotal Status Flags
r-devel-linux-x86_64-debian-clang 0.1.1 46.17 422.21 468.38 OK
r-devel-linux-x86_64-debian-gcc 0.1.1 40.94 318.22 359.16 OK
r-devel-linux-x86_64-fedora-clang 0.1.1 536.66 OK
r-devel-linux-x86_64-fedora-gcc 0.1.1 575.95 OK
r-devel-windows-x86_64-new-UL 0.1.1 428.00 485.00 913.00 OK
r-devel-windows-x86_64-new-TK 0.1.1 OK
r-patched-linux-x86_64 0.1.1 40.16 379.08 419.24 OK
r-release-linux-x86_64 0.1.1 42.44 370.33 412.77 OK
r-release-macos-arm64 0.1.1 NOTE
r-release-macos-x86_64 0.1.1 OK
r-release-windows-ix86+x86_64 0.1.1 101.00 683.00 784.00 OK
r-oldrel-macos-x86_64 0.1.1 OK
r-oldrel-windows-ix86+x86_64 0.1.1 79.00 539.00 618.00 OK

Check Details

Version: 0.1.1
Check: installed package size
Result: NOTE
     installed size is 5.1Mb
     sub-directories of 1Mb or more:
     data 4.6Mb
Flavor: r-release-macos-arm64