Last updated on 2025-02-08 06:48:47 CET.
Flavor | Version | Tinstall | Tcheck | Ttotal | Status | Flags |
---|---|---|---|---|---|---|
r-devel-linux-x86_64-debian-clang | 0.2.0 | 5.19 | 63.17 | 68.36 | NOTE | |
r-devel-linux-x86_64-debian-gcc | 0.2.0 | 3.36 | 46.09 | 49.45 | NOTE | |
r-devel-linux-x86_64-fedora-clang | 0.2.0 | 99.31 | OK | |||
r-devel-linux-x86_64-fedora-gcc | 0.2.0 | 102.95 | OK | |||
r-devel-windows-x86_64 | 0.2.0 | 6.00 | 70.00 | 76.00 | NOTE | |
r-patched-linux-x86_64 | 0.2.0 | 8.20 | 53.85 | 62.05 | OK | |
r-release-linux-x86_64 | 0.2.0 | 4.06 | 53.00 | 57.06 | OK | |
r-release-macos-arm64 | 0.2.0 | 36.00 | OK | |||
r-release-macos-x86_64 | 0.2.0 | 59.00 | OK | |||
r-release-windows-x86_64 | 0.2.0 | 6.00 | 70.00 | 76.00 | OK | |
r-oldrel-macos-arm64 | 0.2.0 | 39.00 | OK | |||
r-oldrel-macos-x86_64 | 0.2.0 | 68.00 | OK | |||
r-oldrel-windows-x86_64 | 0.2.0 | 8.00 | 79.00 | 87.00 | OK |
Version: 0.2.0
Check: Rd cross-references
Result: NOTE
Found the following Rd file(s) with Rd \link{} targets missing package
anchors:
formatting.Rd: tbl_format_setup
Please provide package anchors for all Rd \link{} targets not in the
package itself and the base packages.
Flavors: r-devel-linux-x86_64-debian-clang, r-devel-linux-x86_64-debian-gcc, r-devel-windows-x86_64