CRAN Package Check Results for Package provViz

Last updated on 2024-06-14 11:59:02 CEST.

Flavor Version Tinstall Tcheck Ttotal Status Flags
r-devel-linux-x86_64-debian-clang 1.0.9 2.49 20.20 22.69 NOTE
r-devel-linux-x86_64-debian-gcc 1.0.9 1.90 16.00 17.90 NOTE
r-devel-linux-x86_64-fedora-clang 1.0.9 29.88 NOTE
r-devel-linux-x86_64-fedora-gcc 1.0.9 28.28 NOTE
r-devel-windows-x86_64 1.0.9 3.00 37.00 40.00 NOTE
r-patched-linux-x86_64 1.0.9 2.69 19.95 22.64 NOTE
r-release-linux-x86_64 1.0.9 2.64 19.72 22.36 NOTE
r-release-macos-arm64 1.0.9 15.00 NOTE
r-release-macos-x86_64 1.0.9 19.00 NOTE
r-release-windows-x86_64 1.0.9 3.00 38.00 41.00 NOTE
r-oldrel-macos-arm64 1.0.9 14.00 NOTE
r-oldrel-macos-x86_64 1.0.9 20.00 NOTE
r-oldrel-windows-x86_64 1.0.9 4.00 38.00 42.00 NOTE

Check Details

Version: 1.0.9
Check: package dependencies
Result: NOTE Package suggested but not available for checking: ‘rdt’ Flavors: r-devel-linux-x86_64-debian-clang, r-devel-linux-x86_64-debian-gcc, r-devel-linux-x86_64-fedora-clang, r-devel-linux-x86_64-fedora-gcc, r-devel-windows-x86_64, r-patched-linux-x86_64, r-release-linux-x86_64, r-release-macos-arm64, r-release-macos-x86_64, r-release-windows-x86_64, r-oldrel-macos-arm64, r-oldrel-macos-x86_64, r-oldrel-windows-x86_64