Last updated on 2023-06-09 12:58:24 CEST.
Flavor | Version | Tinstall | Tcheck | Ttotal | Status | Flags |
---|---|---|---|---|---|---|
r-devel-linux-x86_64-debian-clang | 1.0.9 | 2.40 | 19.26 | 21.66 | NOTE | |
r-devel-linux-x86_64-debian-gcc | 1.0.9 | 1.91 | 15.71 | 17.62 | NOTE | |
r-devel-linux-x86_64-fedora-clang | 1.0.9 | 28.91 | NOTE | |||
r-devel-linux-x86_64-fedora-gcc | 1.0.9 | 27.32 | NOTE | |||
r-devel-windows-x86_64 | 1.0.9 | 7.00 | 37.00 | 44.00 | NOTE | |
r-patched-linux-x86_64 | 1.0.9 | 2.15 | 19.04 | 21.19 | NOTE | |
r-release-linux-x86_64 | 1.0.9 | 2.18 | 18.96 | 21.14 | NOTE | |
r-release-macos-arm64 | 1.0.9 | 14.00 | NOTE | |||
r-release-macos-x86_64 | 1.0.9 | 20.00 | NOTE | |||
r-release-windows-x86_64 | 1.0.9 | 5.00 | 37.00 | 42.00 | NOTE | |
r-oldrel-macos-arm64 | 1.0.9 | 15.00 | NOTE | |||
r-oldrel-macos-x86_64 | 1.0.9 | 19.00 | NOTE | |||
r-oldrel-windows-x86_64 | 1.0.9 | 4.00 | 40.00 | 44.00 | NOTE |
Version: 1.0.9
Check: package dependencies
Result: NOTE
Package suggested but not available for checking: ‘rdt’
Flavors: r-devel-linux-x86_64-debian-clang, r-devel-linux-x86_64-debian-gcc, r-devel-linux-x86_64-fedora-clang, r-devel-linux-x86_64-fedora-gcc, r-devel-windows-x86_64, r-patched-linux-x86_64, r-release-linux-x86_64, r-release-macos-arm64, r-release-macos-x86_64, r-release-windows-x86_64, r-oldrel-macos-arm64, r-oldrel-macos-x86_64, r-oldrel-windows-x86_64