Last updated on 2023-06-08 05:58:17 CEST.
Flavor | Version | Tinstall | Tcheck | Ttotal | Status | Flags |
---|---|---|---|---|---|---|
r-devel-linux-x86_64-debian-clang | 1.5.1 | 2.78 | 26.19 | 28.97 | NOTE | |
r-devel-linux-x86_64-debian-gcc | 1.5.1 | 2.18 | 20.98 | 23.16 | NOTE | |
r-devel-linux-x86_64-fedora-clang | 1.5.1 | 38.65 | NOTE | |||
r-devel-linux-x86_64-fedora-gcc | 1.5.1 | 47.55 | NOTE | |||
r-devel-windows-x86_64 | 1.5.1 | 3.00 | 43.00 | 46.00 | NOTE | |
r-patched-linux-x86_64 | 1.5.1 | 2.87 | 25.32 | 28.19 | NOTE | |
r-release-linux-x86_64 | 1.5.1 | 2.84 | 25.69 | 28.53 | NOTE | |
r-release-macos-arm64 | 1.5.1 | 23.00 | NOTE | |||
r-release-macos-x86_64 | 1.5.1 | 33.00 | NOTE | |||
r-release-windows-x86_64 | 1.5.1 | 3.00 | 43.00 | 46.00 | NOTE | |
r-oldrel-macos-arm64 | 1.5.1 | 22.00 | NOTE | |||
r-oldrel-macos-x86_64 | 1.5.1 | 23.00 | NOTE | |||
r-oldrel-windows-x86_64 | 1.5.1 | 5.00 | 47.00 | 52.00 | NOTE |
Version: 1.5.1
Check: package dependencies
Result: NOTE
Package suggested but not available for checking: ‘rdt’
Flavors: r-devel-linux-x86_64-debian-clang, r-devel-linux-x86_64-debian-gcc, r-devel-linux-x86_64-fedora-clang, r-devel-linux-x86_64-fedora-gcc, r-devel-windows-x86_64, r-patched-linux-x86_64, r-release-linux-x86_64, r-release-macos-arm64, r-release-macos-x86_64, r-release-windows-x86_64, r-oldrel-macos-arm64, r-oldrel-macos-x86_64, r-oldrel-windows-x86_64