Last updated on 2024-04-19 11:56:56 CEST.
Flavor | Version | Tinstall | Tcheck | Ttotal | Status | Flags |
---|---|---|---|---|---|---|
r-devel-linux-x86_64-debian-clang | 0.7.9 | 61.99 | 109.35 | 171.34 | OK | |
r-devel-linux-x86_64-debian-gcc | 0.7.9 | OK | ||||
r-devel-linux-x86_64-fedora-clang | 0.7.9 | 226.52 | NOTE | |||
r-devel-linux-x86_64-fedora-gcc | 0.7.9 | 234.97 | OK | |||
r-prerel-macos-arm64 | 0.7.9 | 70.00 | NOTE | |||
r-prerel-windows-x86_64 | 0.7.9 | 47.00 | 195.00 | 242.00 | OK | |
r-patched-linux-x86_64 | 0.7.9 | 62.77 | 105.92 | 168.69 | OK | |
r-release-linux-x86_64 | 0.7.9 | 57.46 | 105.54 | 163.00 | OK | |
r-release-macos-arm64 | 0.7.9 | 95.00 | NOTE | |||
r-release-macos-x86_64 | 0.7.9 | 189.00 | NOTE | |||
r-release-windows-x86_64 | 0.7.9 | 50.00 | 199.00 | 249.00 | OK | |
r-oldrel-macos-arm64 | 0.7.9 | 76.00 | NOTE | |||
r-oldrel-windows-x86_64 | 0.7.9 | 57.00 | 195.00 | 252.00 | OK |
Version: 0.7.9
Check: Rd cross-references
Result: NOTE
Undeclared package ‘XML’ in Rd xrefs
Flavor: r-devel-linux-x86_64-fedora-clang
Version: 0.7.9
Check: installed package size
Result: NOTE
installed size is 6.6Mb
sub-directories of 1Mb or more:
data 2.3Mb
libs 3.2Mb
Flavors: r-prerel-macos-arm64, r-release-macos-arm64, r-release-macos-x86_64, r-oldrel-macos-arm64