CRAN Package Check Results for Package prospectr

Last updated on 2022-01-28 21:52:02 CET.

Flavor Version Tinstall Tcheck Ttotal Status Flags
r-devel-linux-x86_64-debian-clang 0.2.2 35.23 127.16 162.39 OK
r-devel-linux-x86_64-debian-gcc 0.2.2 34.12 97.34 131.46 OK
r-devel-linux-x86_64-fedora-clang 0.2.2 217.71 OK
r-devel-linux-x86_64-fedora-gcc 0.2.2 200.09 OK
r-devel-windows-x86_64-new-UL 0.2.2 120.00 177.00 297.00 OK
r-devel-windows-x86_64-new-TK 0.2.2 OK
r-patched-linux-x86_64 0.2.2 39.83 119.08 158.91 OK
r-release-linux-x86_64 0.2.2 38.92 117.09 156.01 OK
r-release-macos-arm64 0.2.2 NOTE
r-release-macos-x86_64 0.2.2 NOTE
r-release-windows-ix86+x86_64 0.2.2 102.00 220.00 322.00 OK
r-oldrel-macos-x86_64 0.2.2 NOTE
r-oldrel-windows-ix86+x86_64 0.2.2 104.00 227.00 331.00 OK

Check Details

Version: 0.2.2
Check: installed package size
Result: NOTE
     installed size is 6.3Mb
     sub-directories of 1Mb or more:
     data 2.1Mb
     libs 3.4Mb
Flavors: r-release-macos-arm64, r-release-macos-x86_64, r-oldrel-macos-x86_64