Last updated on 2024-03-28 12:50:43 CET.
Flavor | Version | Tinstall | Tcheck | Ttotal | Status | Flags |
---|---|---|---|---|---|---|
r-devel-linux-x86_64-debian-clang | 1.0 | 178.84 | 359.97 | 538.81 | NOTE | |
r-devel-linux-x86_64-debian-gcc | 1.0 | 152.14 | 304.61 | 456.75 | NOTE | |
r-devel-linux-x86_64-fedora-clang | 1.0 | 634.12 | NOTE | |||
r-devel-linux-x86_64-fedora-gcc | 1.0 | 753.24 | NOTE | |||
r-devel-windows-x86_64 | 1.0 | 144.00 | 247.00 | 391.00 | NOTE | |
r-patched-linux-x86_64 | 1.0 | 0.02 | 2.76 | 2.78 | ERROR | |
r-release-linux-x86_64 | 1.0 | 0.03 | 2.44 | 2.47 | ERROR | |
r-release-macos-arm64 | 1.0 | 219.00 | NOTE | |||
r-release-macos-x86_64 | 1.0 | 361.00 | NOTE | |||
r-release-windows-x86_64 | 1.0 | 186.00 | 314.00 | 500.00 | NOTE | |
r-oldrel-macos-arm64 | 1.0 | 177.00 | NOTE | |||
r-oldrel-windows-x86_64 | 1.0 | 175.00 | 289.00 | 464.00 | NOTE |
Version: 1.0
Check: for GNU extensions in Makefiles
Result: NOTE
GNU make is a SystemRequirements.
Flavors: r-devel-linux-x86_64-debian-clang, r-devel-linux-x86_64-debian-gcc, r-devel-linux-x86_64-fedora-clang, r-devel-linux-x86_64-fedora-gcc, r-devel-windows-x86_64, r-release-macos-arm64, r-release-macos-x86_64, r-release-windows-x86_64, r-oldrel-macos-arm64, r-oldrel-windows-x86_64
Version: 1.0
Check: dependencies in R code
Result: NOTE
Namespaces in Imports field not imported from:
‘StanHeaders’ ‘methods’ ‘rstantools’
All declared Imports should be used.
Flavors: r-devel-linux-x86_64-fedora-clang, r-devel-linux-x86_64-fedora-gcc, r-oldrel-macos-arm64
Version: 1.0
Check: whether package can be installed
Result: ERROR
Installation failed.
Flavors: r-patched-linux-x86_64, r-release-linux-x86_64
Version: 1.0
Check: installed package size
Result: NOTE
installed size is 36.4Mb
sub-directories of 1Mb or more:
libs 35.8Mb
Flavors: r-release-macos-arm64, r-release-macos-x86_64, r-oldrel-macos-arm64