CRAN Package Check Results for Package prompt

Last updated on 2021-11-30 12:53:41 CET.

Flavor Version Tinstall Tcheck Ttotal Status Flags
r-devel-linux-x86_64-debian-clang 1.0.1 3.26 28.98 32.24 NOTE
r-devel-linux-x86_64-debian-gcc 1.0.1 2.39 23.23 25.62 NOTE
r-devel-linux-x86_64-fedora-clang 1.0.1 51.30 NOTE
r-devel-linux-x86_64-fedora-gcc 1.0.1 39.44 NOTE
r-devel-windows-x86_64-new-UL 1.0.1 10.00 64.00 74.00 NOTE
r-devel-windows-x86_64-new-TK 1.0.1 NOTE
r-devel-windows-x86_64-old 1.0.1 5.00 35.00 40.00 NOTE
r-patched-linux-x86_64 1.0.1 2.68 28.51 31.19 NOTE
r-patched-solaris-x86 1.0.1 62.10 NOTE
r-release-linux-x86_64 1.0.1 2.51 28.56 31.07 NOTE
r-release-macos-arm64 1.0.1 NOTE
r-release-macos-x86_64 1.0.1 NOTE
r-release-windows-ix86+x86_64 1.0.1 6.00 36.00 42.00 NOTE
r-oldrel-macos-x86_64 1.0.1 OK
r-oldrel-windows-ix86+x86_64 1.0.1 5.00 45.00 50.00 OK

Check Details

Version: 1.0.1
Check: LazyData
Result: NOTE
     'LazyData' is specified without a 'data' directory
Flavors: r-devel-linux-x86_64-debian-clang, r-devel-linux-x86_64-debian-gcc, r-devel-linux-x86_64-fedora-clang, r-devel-linux-x86_64-fedora-gcc, r-devel-windows-x86_64-new-UL, r-devel-windows-x86_64-new-TK, r-devel-windows-x86_64-old, r-patched-linux-x86_64, r-patched-solaris-x86, r-release-linux-x86_64, r-release-macos-arm64, r-release-macos-x86_64, r-release-windows-ix86+x86_64