CRAN Package Check Results for Package promote

Last updated on 2025-04-30 03:51:02 CEST.

Flavor Version Tinstall Tcheck Ttotal Status Flags
r-devel-linux-x86_64-debian-clang 1.1.1 1.90 19.07 20.97 NOTE
r-devel-linux-x86_64-debian-gcc 1.1.1 1.47 15.22 16.69 NOTE
r-devel-linux-x86_64-fedora-clang 1.1.1 33.59 OK
r-devel-linux-x86_64-fedora-gcc 1.1.1 31.38 OK
r-devel-windows-x86_64 1.1.1 4.00 46.00 50.00 OK
r-patched-linux-x86_64 1.1.1 2.43 18.48 20.91 OK
r-release-linux-x86_64 1.1.1 2.11 18.41 20.52 OK
r-release-macos-arm64 1.1.1 19.00 OK
r-release-macos-x86_64 1.1.1 25.00 OK
r-release-windows-x86_64 1.1.1 4.00 54.00 58.00 OK
r-oldrel-macos-arm64 1.1.1 16.00 OK
r-oldrel-macos-x86_64 1.1.1 21.00 OK
r-oldrel-windows-x86_64 1.1.1 5.00 44.00 49.00 OK

Check Details

Version: 1.1.1
Check: CRAN incoming feasibility
Result: NOTE Maintainer: ‘Paul E. Promote <promotedev@alteryx.com>’ No Authors@R field in DESCRIPTION. Please add one, modifying Authors@R: person(given = c("Paul", "E."), family = "Promote", role = c("aut", "cre"), email = "promotedev@alteryx.com") as necessary. Flavors: r-devel-linux-x86_64-debian-clang, r-devel-linux-x86_64-debian-gcc