CRAN Package Check Results for Package promises

Last updated on 2022-12-05 12:55:37 CET.

Flavor Version Tinstall Tcheck Ttotal Status Flags
r-devel-linux-x86_64-debian-clang 1.2.0.1 25.99 58.45 84.44 NOTE
r-devel-linux-x86_64-debian-gcc 1.2.0.1 16.91 46.62 63.53 NOTE
r-devel-linux-x86_64-fedora-clang 1.2.0.1 119.89 NOTE
r-devel-linux-x86_64-fedora-gcc 1.2.0.1 126.13 NOTE
r-devel-windows-x86_64 1.2.0.1 42.00 127.00 169.00 NOTE
r-patched-linux-x86_64 1.2.0.1 22.20 59.41 81.61 NOTE
r-release-linux-x86_64 1.2.0.1 20.58 52.22 72.80 NOTE
r-release-macos-arm64 1.2.0.1 45.00 NOTE
r-release-macos-x86_64 1.2.0.1 56.00 NOTE
r-release-windows-x86_64 1.2.0.1 57.00 139.00 196.00 NOTE
r-oldrel-macos-arm64 1.2.0.1 46.00 NOTE
r-oldrel-macos-x86_64 1.2.0.1 73.00 NOTE
r-oldrel-windows-ix86+x86_64 1.2.0.1 55.00 126.00 181.00 NOTE

Check Details

Version: 1.2.0.1
Check: LazyData
Result: NOTE
     'LazyData' is specified without a 'data' directory
Flavors: r-devel-linux-x86_64-debian-clang, r-devel-linux-x86_64-debian-gcc, r-devel-linux-x86_64-fedora-clang, r-devel-linux-x86_64-fedora-gcc, r-devel-windows-x86_64, r-patched-linux-x86_64, r-release-linux-x86_64, r-release-macos-arm64, r-release-macos-x86_64, r-release-windows-x86_64, r-oldrel-macos-arm64, r-oldrel-macos-x86_64, r-oldrel-windows-ix86+x86_64