Last updated on 2024-05-07 11:55:10 CEST.
Flavor | Version | Tinstall | Tcheck | Ttotal | Status | Flags |
---|---|---|---|---|---|---|
r-devel-linux-x86_64-debian-clang | 1.9.1.0 | 1311.83 | 189.15 | 1500.98 | NOTE | |
r-devel-linux-x86_64-debian-gcc | 1.9.1.0 | 1229.73 | 219.53 | 1449.26 | NOTE | |
r-devel-linux-x86_64-fedora-clang | 1.9.1.0 | 1845.94 | NOTE | |||
r-devel-linux-x86_64-fedora-gcc | 1.9.1.0 | 2993.47 | NOTE | |||
r-devel-windows-x86_64 | 1.9.1.0 | 1046.00 | 246.00 | 1292.00 | NOTE | |
r-patched-linux-x86_64 | 1.9.1.0 | 1037.10 | 280.66 | 1317.76 | NOTE | |
r-release-linux-x86_64 | 1.9.1.0 | 0.01 | 2.77 | 2.78 | ERROR | |
r-release-macos-arm64 | 1.9.1.0 | 430.00 | NOTE | |||
r-release-windows-x86_64 | 1.9.1.0 | 1019.00 | 239.00 | 1258.00 | NOTE | |
r-oldrel-macos-arm64 | 1.9.1.0 | 663.00 | NOTE | |||
r-oldrel-macos-x86_64 | 1.9.1.0 | 672.00 | NOTE | |||
r-oldrel-windows-x86_64 | 1.9.1.0 | 1280.00 | 295.00 | 1575.00 | NOTE |
Version: 1.9.1.0
Check: for GNU extensions in Makefiles
Result: NOTE
GNU make is a SystemRequirements.
Flavors: r-devel-linux-x86_64-debian-clang, r-devel-linux-x86_64-debian-gcc, r-devel-linux-x86_64-fedora-clang, r-devel-linux-x86_64-fedora-gcc, r-devel-windows-x86_64, r-patched-linux-x86_64, r-release-macos-arm64, r-release-windows-x86_64, r-oldrel-macos-arm64, r-oldrel-macos-x86_64, r-oldrel-windows-x86_64
Version: 1.9.1.0
Check: installed package size
Result: NOTE
installed size is 10.7Mb
sub-directories of 1Mb or more:
libs 10.2Mb
Flavors: r-devel-linux-x86_64-fedora-clang, r-devel-windows-x86_64, r-release-macos-arm64, r-release-windows-x86_64, r-oldrel-macos-arm64, r-oldrel-macos-x86_64, r-oldrel-windows-x86_64
Version: 1.9.1.0
Check: dependencies in R code
Result: NOTE
Namespace in Imports field not imported from: ‘RcppParallel’
All declared Imports should be used.
Flavors: r-devel-linux-x86_64-fedora-clang, r-devel-linux-x86_64-fedora-gcc
Version: 1.9.1.0
Check: whether package can be installed
Result: ERROR
Installation failed.
Flavor: r-release-linux-x86_64