CRAN Package Check Results for Package progress

Last updated on 2020-08-11 03:47:59 CEST.

Flavor Version Tinstall Tcheck Ttotal Status Flags
r-devel-linux-x86_64-debian-clang 1.2.2 3.90 27.25 31.15 OK
r-devel-linux-x86_64-debian-gcc 1.2.2 3.12 21.58 24.70 OK
r-devel-linux-x86_64-fedora-clang 1.2.2 46.12 OK
r-devel-linux-x86_64-fedora-gcc 1.2.2 36.47 OK
r-devel-windows-ix86+x86_64 1.2.2 10.00 53.00 63.00 WARN
r-patched-linux-x86_64 1.2.2 3.00 27.20 30.20 OK
r-patched-solaris-x86 1.2.2 55.60 OK
r-release-linux-x86_64 1.2.2 3.61 27.35 30.96 OK
r-release-macos-x86_64 1.2.2 OK
r-release-windows-ix86+x86_64 1.2.2 10.00 37.00 47.00 WARN
r-oldrel-macos-x86_64 1.2.2 OK
r-oldrel-windows-ix86+x86_64 1.2.2 6.00 51.00 57.00 OK

Check Details

Version: 1.2.2
Check: for unstated dependencies in ‘tests’
Result: WARN
    Warning: unable to access index for repository https://CRAN.R-project.org/src/contrib:
     cannot open URL 'https://CRAN.R-project.org/src/contrib/PACKAGES'
Flavors: r-devel-windows-ix86+x86_64, r-release-windows-ix86+x86_64