CRAN Package Check Results for Package progress

Last updated on 2022-07-06 03:52:23 CEST.

Flavor Version Tinstall Tcheck Ttotal Status Flags
r-devel-linux-x86_64-debian-clang 1.2.2 4.98 34.57 39.55 NOTE
r-devel-linux-x86_64-debian-gcc 1.2.2 3.72 26.62 30.34 NOTE
r-devel-linux-x86_64-fedora-clang 1.2.2 57.31 NOTE
r-devel-linux-x86_64-fedora-gcc 1.2.2 57.50 NOTE
r-devel-windows-x86_64 1.2.2 25.00 70.00 95.00 NOTE
r-patched-linux-x86_64 1.2.2 4.62 33.21 37.83 NOTE
r-release-linux-x86_64 1.2.2 4.48 33.39 37.87 NOTE
r-release-macos-arm64 1.2.2 19.00 NOTE
r-release-macos-x86_64 1.2.2 26.00 NOTE
r-release-windows-x86_64 1.2.2 7.00 69.00 76.00 NOTE
r-oldrel-macos-arm64 1.2.2 22.00 NOTE
r-oldrel-macos-x86_64 1.2.2 31.00 NOTE
r-oldrel-windows-ix86+x86_64 1.2.2 10.00 55.00 65.00 NOTE

Check Details

Version: 1.2.2
Check: LazyData
Result: NOTE
     'LazyData' is specified without a 'data' directory
Flavors: r-devel-linux-x86_64-debian-clang, r-devel-linux-x86_64-debian-gcc, r-devel-linux-x86_64-fedora-clang, r-devel-linux-x86_64-fedora-gcc, r-devel-windows-x86_64, r-patched-linux-x86_64, r-release-linux-x86_64, r-release-macos-arm64, r-release-macos-x86_64, r-release-windows-x86_64, r-oldrel-macos-arm64, r-oldrel-macos-x86_64, r-oldrel-windows-ix86+x86_64