CRAN Package Check Results for Package profvis

Last updated on 2023-02-06 06:52:05 CET.

Flavor Version Tinstall Tcheck Ttotal Status Flags
r-devel-linux-x86_64-debian-clang 0.3.7 4.54 34.78 39.32 WARN
r-devel-linux-x86_64-debian-gcc 0.3.7 3.23 27.01 30.24 WARN
r-devel-linux-x86_64-fedora-clang 0.3.7 49.92 WARN
r-devel-linux-x86_64-fedora-gcc 0.3.7 48.06 WARN
r-devel-windows-x86_64 0.3.7 32.00 70.00 102.00 OK
r-patched-linux-x86_64 0.3.7 3.52 35.21 38.73 OK
r-release-linux-x86_64 0.3.7 3.40 35.24 38.64 OK
r-release-macos-arm64 0.3.7 22.00 OK
r-release-macos-x86_64 0.3.7 27.00 OK
r-release-windows-x86_64 0.3.7 25.00 71.00 96.00 OK
r-oldrel-macos-arm64 0.3.7 28.00 OK
r-oldrel-macos-x86_64 0.3.7 35.00 OK
r-oldrel-windows-ix86+x86_64 0.3.7 16.00 76.00 92.00 OK

Check Details

Version: 0.3.7
Check: whether package can be installed
Result: WARN
    Found the following significant warnings:
     pause.c:10:19: warning: a function declaration without a prototype is deprecated in all versions of C [-Wstrict-prototypes]
    See ‘/home/hornik/tmp/R.check/r-devel-clang/Work/PKGS/profvis.Rcheck/00install.out’ for details.
    * used C compiler: ‘Debian clang version 15.0.6’
Flavor: r-devel-linux-x86_64-debian-clang

Version: 0.3.7
Check: whether package can be installed
Result: WARN
    Found the following significant warnings:
     pause.c:10:8: warning: function declaration isn’t a prototype [-Wstrict-prototypes]
    See ‘/home/hornik/tmp/R.check/r-devel-gcc/Work/PKGS/profvis.Rcheck/00install.out’ for details.
    * used C compiler: ‘gcc-12 (Debian 12.2.0-14) 12.2.0’
Flavor: r-devel-linux-x86_64-debian-gcc

Version: 0.3.7
Check: whether package can be installed
Result: WARN
    Found the following significant warnings:
     pause.c:10:19: warning: a function declaration without a prototype is deprecated in all versions of C [-Wstrict-prototypes]
    See ‘/data/gannet/ripley/R/packages/tests-clang/profvis.Rcheck/00install.out’ for details.
    * used C compiler: ‘clang version 15.0.7’
Flavor: r-devel-linux-x86_64-fedora-clang

Version: 0.3.7
Check: whether package can be installed
Result: WARN
    Found the following significant warnings:
     pause.c:10:8: warning: function declaration isn’t a prototype [-Wstrict-prototypes]
    See ‘/data/gannet/ripley/R/packages/tests-devel/profvis.Rcheck/00install.out’ for details.
    * used C compiler: ‘gcc (GCC) 12.2.1 20221121 (Red Hat 12.2.1-4)’
Flavor: r-devel-linux-x86_64-fedora-gcc