CRAN Package Check Results for Package productivity

Last updated on 2025-02-01 21:49:22 CET.

Flavor Version Tinstall Tcheck Ttotal Status Flags
r-devel-linux-x86_64-debian-clang 1.1.0 9.82 52.43 62.25 NOTE
r-devel-linux-x86_64-debian-gcc 1.1.0 6.05 34.00 40.05 NOTE
r-devel-linux-x86_64-fedora-clang 1.1.0 100.24 NOTE
r-devel-linux-x86_64-fedora-gcc 1.1.0 90.57 NOTE
r-devel-windows-x86_64 1.1.0 12.00 75.00 87.00 NOTE
r-patched-linux-x86_64 1.1.0 11.44 47.34 58.78 NOTE
r-release-linux-x86_64 1.1.0 9.33 49.34 58.67 NOTE
r-release-macos-arm64 1.1.0 26.00 NOTE
r-release-macos-x86_64 1.1.0 41.00 NOTE
r-release-windows-x86_64 1.1.0 10.00 69.00 79.00 NOTE
r-oldrel-macos-arm64 1.1.0 27.00 OK
r-oldrel-macos-x86_64 1.1.0 44.00 OK
r-oldrel-windows-x86_64 1.1.0 14.00 74.00 88.00 OK

Check Details

Version: 1.1.0
Check: Rd files
Result: NOTE checkRd: (-1) paasche.Rd:91: Lost braces 91 | \code{OSME} \tab Output-oriented scale-mix efficiency score \emph{(code{orientation = "out"})}\cr | ^ Flavors: r-devel-linux-x86_64-debian-clang, r-devel-linux-x86_64-debian-gcc, r-devel-linux-x86_64-fedora-clang, r-devel-linux-x86_64-fedora-gcc, r-devel-windows-x86_64, r-patched-linux-x86_64, r-release-linux-x86_64, r-release-macos-arm64, r-release-macos-x86_64, r-release-windows-x86_64