CRAN Package Check Results for Package prodlim

Last updated on 2023-01-29 20:51:35 CET.

Flavor Version Tinstall Tcheck Ttotal Status Flags
r-devel-linux-x86_64-debian-clang 2019.11.13 17.60 111.67 129.27 NOTE
r-devel-linux-x86_64-debian-gcc 2019.11.13 16.67 85.39 102.06 NOTE
r-devel-linux-x86_64-fedora-clang 2019.11.13 161.45 NOTE
r-devel-linux-x86_64-fedora-gcc 2019.11.13 161.46 NOTE
r-devel-windows-x86_64 2019.11.13 67.00 151.00 218.00 NOTE
r-patched-linux-x86_64 2019.11.13 18.17 106.06 124.23 OK
r-release-linux-x86_64 2019.11.13 17.37 108.63 126.00 OK
r-release-macos-arm64 2019.11.13 44.00 OK
r-release-macos-x86_64 2019.11.13 62.00 OK
r-release-windows-x86_64 2019.11.13 62.00 133.00 195.00 OK
r-oldrel-macos-arm64 2019.11.13 51.00 OK
r-oldrel-macos-x86_64 2019.11.13 76.00 OK
r-oldrel-windows-ix86+x86_64 2019.11.13 46.00 176.00 222.00 OK

Check Details

Version: 2019.11.13
Check: Rd files
Result: NOTE
    checkRd: (-1) prodlim.Rd:119: Escaped LaTeX specials: \&
Flavors: r-devel-linux-x86_64-debian-clang, r-devel-linux-x86_64-debian-gcc, r-devel-linux-x86_64-fedora-clang, r-devel-linux-x86_64-fedora-gcc, r-devel-windows-x86_64