CRAN Package Check Results for Package proccalibrad

Last updated on 2025-02-04 03:49:57 CET.

Flavor Version Tinstall Tcheck Ttotal Status Flags
r-devel-linux-x86_64-debian-clang 0.14 1.52 16.87 18.39 OK
r-devel-linux-x86_64-debian-gcc 0.14 1.47 13.97 15.44 OK
r-devel-linux-x86_64-fedora-clang 0.14 30.08 OK
r-devel-linux-x86_64-fedora-gcc 0.14 28.45 OK
r-devel-windows-x86_64 0.14 3.00 40.00 43.00 OK
r-patched-linux-x86_64 0.14 1.63 16.16 17.79 NOTE
r-release-linux-x86_64 0.14 1.65 16.32 17.97 NOTE
r-release-macos-arm64 0.14 17.00 NOTE
r-release-macos-x86_64 0.14 24.00 NOTE
r-release-windows-x86_64 0.14 2.00 38.00 40.00 NOTE
r-oldrel-macos-arm64 0.14 18.00 NOTE
r-oldrel-macos-x86_64 0.14 24.00 NOTE
r-oldrel-windows-x86_64 0.14 2.00 39.00 41.00 NOTE

Check Details

Version: 0.14
Check: LazyData
Result: NOTE 'LazyData' is specified without a 'data' directory Flavors: r-patched-linux-x86_64, r-release-linux-x86_64, r-release-macos-arm64, r-release-macos-x86_64, r-release-windows-x86_64, r-oldrel-macos-arm64, r-oldrel-macos-x86_64, r-oldrel-windows-x86_64