CRAN Package Check Results for Package prismatic

Last updated on 2024-02-24 12:49:26 CET.

Flavor Version Tinstall Tcheck Ttotal Status Flags
r-devel-linux-x86_64-debian-clang 1.1.1 3.30 33.52 36.82 NOTE
r-devel-linux-x86_64-debian-gcc 1.1.1 2.03 26.41 28.44 NOTE
r-devel-linux-x86_64-fedora-clang 1.1.1 47.24 OK
r-devel-linux-x86_64-fedora-gcc 1.1.1 43.65 OK
r-devel-windows-x86_64 1.1.1 4.00 55.00 59.00 OK
r-patched-linux-x86_64 1.1.1 3.41 33.53 36.94 OK
r-release-linux-x86_64 1.1.1 3.02 33.34 36.36 OK
r-release-macos-arm64 1.1.1 19.00 OK
r-release-macos-x86_64 1.1.1 25.00 OK
r-release-windows-x86_64 1.1.1 5.00 56.00 61.00 OK
r-oldrel-macos-arm64 1.1.1 20.00 OK
r-oldrel-windows-x86_64 1.1.1 5.00 51.00 56.00 OK

Check Details

Version: 1.1.1
Check: Rd files
Result: NOTE checkRd: (-1) clr_darken.Rd:50: Lost braces; missing escapes or markup? 50 | information regarding use of color spaces, please refer to the {colorspace} | ^ checkRd: (-1) clr_lighten.Rd:50: Lost braces; missing escapes or markup? 50 | information regarding use of color spaces, please refer to the {colorspace} | ^ Flavors: r-devel-linux-x86_64-debian-clang, r-devel-linux-x86_64-debian-gcc