Last updated on 2024-04-23 12:49:37 CEST.
Flavor | Version | Tinstall | Tcheck | Ttotal | Status | Flags |
---|---|---|---|---|---|---|
r-devel-linux-x86_64-debian-clang | 0.3.1 | 10.80 | 175.77 | 186.57 | OK | |
r-devel-linux-x86_64-debian-gcc | 0.3.1 | 7.54 | 129.75 | 137.29 | OK | |
r-devel-linux-x86_64-fedora-clang | 0.3.1 | 246.85 | NOTE | |||
r-devel-linux-x86_64-fedora-gcc | 0.3.1 | 252.97 | OK | |||
r-prerel-macos-arm64 | 0.3.1 | 68.00 | OK | |||
r-prerel-windows-x86_64 | 0.3.1 | 9.00 | 127.00 | 136.00 | OK | |
r-patched-linux-x86_64 | 0.3.1 | 7.85 | 171.86 | 179.71 | OK | |
r-release-linux-x86_64 | 0.3.1 | 12.17 | 169.50 | 181.67 | OK | |
r-release-macos-arm64 | 0.3.1 | 72.00 | OK | |||
r-release-macos-x86_64 | 0.3.1 | 205.00 | OK | |||
r-release-windows-x86_64 | 0.3.1 | 13.00 | 162.00 | 175.00 | OK | |
r-oldrel-macos-arm64 | 0.3.1 | 63.00 | OK | |||
r-oldrel-windows-x86_64 | 0.3.1 | 13.00 | 161.00 | 174.00 | OK |
Version: 0.3.1
Check: Rd cross-references
Result: NOTE
Undeclared package ‘mvtnorm’ in Rd xrefs
Flavor: r-devel-linux-x86_64-fedora-clang