Last updated on 2023-03-23 03:53:29 CET.
Flavor | Version | Tinstall | Tcheck | Ttotal | Status | Flags |
---|---|---|---|---|---|---|
r-devel-linux-x86_64-debian-clang | 0.2.5 | 10.77 | 170.91 | 181.68 | OK | |
r-devel-linux-x86_64-debian-gcc | 0.2.5 | 9.14 | 129.68 | 138.82 | OK | |
r-devel-linux-x86_64-fedora-clang | 0.2.5 | 223.10 | NOTE | |||
r-devel-linux-x86_64-fedora-gcc | 0.2.5 | 225.68 | OK | |||
r-patched-linux-x86_64 | 0.2.5 | 8.51 | 164.13 | 172.64 | OK | |
r-release-linux-x86_64 | 0.2.5 | 10.63 | 160.16 | 170.79 | OK | |
r-release-macos-arm64 | 0.2.5 | 75.00 | OK | |||
r-release-macos-x86_64 | 0.2.5 | 98.00 | OK | |||
r-release-windows-x86_64 | 0.2.5 | 27.00 | 243.00 | 270.00 | OK | |
r-oldrel-macos-arm64 | 0.2.5 | 88.00 | OK | |||
r-oldrel-macos-x86_64 | 0.2.5 | 154.00 | OK | |||
r-oldrel-windows-ix86+x86_64 | 0.2.5 | 20.00 | 195.00 | 215.00 | OK |
Version: 0.2.5
Check: Rd cross-references
Result: NOTE
Undeclared packages ‘ipflasso’, ‘mvtnorm’ in Rd xrefs
Flavor: r-devel-linux-x86_64-fedora-clang