CRAN Package Check Results for Package prioritizr

Last updated on 2020-02-17 03:49:20 CET.

Flavor Version Tinstall Tcheck Ttotal Status Flags
r-devel-linux-x86_64-debian-clang 4.1.5 391.43 220.50 611.93 NOTE
r-devel-linux-x86_64-debian-gcc 4.1.5 276.32 165.96 442.28 NOTE
r-devel-linux-x86_64-fedora-clang 4.1.5 833.15 NOTE
r-devel-linux-x86_64-fedora-gcc 4.1.5 789.80 NOTE
r-devel-windows-ix86+x86_64 4.1.5 763.00 405.00 1168.00 NOTE
r-devel-windows-ix86+x86_64-gcc8 4.1.4 1155.00 371.00 1526.00 NOTE
r-patched-linux-x86_64 4.1.5 308.09 189.34 497.43 NOTE
r-patched-solaris-x86 4.1.5 763.10 NOTE
r-release-linux-x86_64 4.1.5 312.75 193.45 506.20 NOTE
r-release-windows-ix86+x86_64 4.1.5 627.00 321.00 948.00 NOTE
r-release-osx-x86_64 4.1.5 NOTE
r-oldrel-windows-ix86+x86_64 4.1.5 902.00 377.00 1279.00 NOTE
r-oldrel-osx-x86_64 4.1.5 NOTE

Check Details

Version: 4.1.5
Check: package dependencies
Result: NOTE
    Package suggested but not available for checking: 'gurobi'
Flavors: r-devel-linux-x86_64-debian-clang, r-devel-linux-x86_64-debian-gcc, r-devel-linux-x86_64-fedora-clang, r-devel-linux-x86_64-fedora-gcc, r-devel-windows-ix86+x86_64, r-patched-linux-x86_64, r-release-linux-x86_64, r-release-windows-ix86+x86_64, r-oldrel-windows-ix86+x86_64

Version: 4.1.5
Check: installed package size
Result: NOTE
     installed size is 17.3Mb
     sub-directories of 1Mb or more:
     doc 1.2Mb
     libs 14.1Mb
Flavors: r-devel-linux-x86_64-fedora-clang, r-devel-windows-ix86+x86_64, r-release-windows-ix86+x86_64, r-release-osx-x86_64, r-oldrel-windows-ix86+x86_64, r-oldrel-osx-x86_64

Version: 4.1.4
Check: package dependencies
Result: NOTE
    Package suggested but not available for checking: 'gurobi'
Flavor: r-devel-windows-ix86+x86_64-gcc8

Version: 4.1.4
Check: installed package size
Result: NOTE
     installed size is 6.4Mb
     sub-directories of 1Mb or more:
     doc 1.2Mb
     libs 3.2Mb
Flavor: r-devel-windows-ix86+x86_64-gcc8

Version: 4.1.5
Check: package dependencies
Result: NOTE
    Packages suggested but not available for checking:
     'gurobi', 'lpsymphony', 'Rsymphony'
Flavor: r-patched-solaris-x86

Version: 4.1.5
Check: package dependencies
Result: NOTE
    Packages suggested but not available for checking: 'gurobi', 'Rsymphony'
Flavor: r-release-osx-x86_64

Version: 4.1.5
Check: package dependencies
Result: NOTE
    Packages suggested but not available for checking:
     ‘gurobi’ ‘lpsymphony’ ‘Rsymphony’
Flavor: r-oldrel-osx-x86_64