CRAN Package Check Results for Package prioritizr

Last updated on 2020-09-25 06:50:06 CEST.

Flavor Version Tinstall Tcheck Ttotal Status Flags
r-devel-linux-x86_64-debian-clang 5.0.2 465.01 249.84 714.85 NOTE
r-devel-linux-x86_64-debian-gcc 5.0.2 362.17 183.30 545.47 NOTE
r-devel-linux-x86_64-fedora-clang 5.0.2 1053.73 NOTE
r-devel-linux-x86_64-fedora-gcc 5.0.2 940.36 NOTE
r-devel-windows-ix86+x86_64 5.0.2 1096.00 448.00 1544.00 NOTE
r-patched-linux-x86_64 5.0.2 368.25 234.74 602.99 NOTE
r-patched-solaris-x86 5.0.2 876.90 NOTE
r-release-linux-x86_64 5.0.2 366.85 236.01 602.86 NOTE
r-release-macos-x86_64 5.0.2 NOTE
r-release-windows-ix86+x86_64 5.0.2 947.00 474.00 1421.00 NOTE
r-oldrel-macos-x86_64 5.0.2 NOTE
r-oldrel-windows-ix86+x86_64 5.0.2 960.00 411.00 1371.00 NOTE

Check Details

Version: 5.0.2
Check: package dependencies
Result: NOTE
    Package suggested but not available for checking: 'gurobi'
Flavors: r-devel-linux-x86_64-debian-clang, r-devel-linux-x86_64-debian-gcc, r-devel-linux-x86_64-fedora-clang, r-devel-linux-x86_64-fedora-gcc, r-devel-windows-ix86+x86_64, r-patched-linux-x86_64, r-release-linux-x86_64, r-release-windows-ix86+x86_64, r-oldrel-windows-ix86+x86_64

Version: 5.0.2
Check: installed package size
Result: NOTE
     installed size is 22.1Mb
     sub-directories of 1Mb or more:
     doc 2.8Mb
     libs 17.1Mb
Flavors: r-devel-linux-x86_64-fedora-clang, r-devel-windows-ix86+x86_64, r-patched-solaris-x86, r-release-macos-x86_64, r-release-windows-ix86+x86_64, r-oldrel-macos-x86_64, r-oldrel-windows-ix86+x86_64

Version: 5.0.2
Check: dependencies in R code
Result: NOTE
    Namespace in Imports field not imported from: ‘exactextractr’
     All declared Imports should be used.
Flavors: r-devel-linux-x86_64-fedora-clang, r-devel-linux-x86_64-fedora-gcc, r-patched-solaris-x86, r-release-macos-x86_64, r-oldrel-macos-x86_64

Version: 5.0.2
Check: package dependencies
Result: NOTE
    Packages suggested but not available for checking:
     'gurobi', 'lpsymphony', 'Rsymphony'
Flavors: r-patched-solaris-x86, r-release-macos-x86_64

Version: 5.0.2
Check: package dependencies
Result: NOTE
    Packages suggested but not available for checking: 'gurobi', 'Rsymphony'
Flavor: r-oldrel-macos-x86_64