Last updated on 2024-04-18 12:52:55 CEST.
Flavor | Version | Tinstall | Tcheck | Ttotal | Status | Flags |
---|---|---|---|---|---|---|
r-devel-linux-x86_64-debian-clang | 0.1.1 | 2.00 | 31.27 | 33.27 | NOTE | |
r-devel-linux-x86_64-debian-gcc | 0.1.1 | 1.58 | 23.36 | 24.94 | NOTE | |
r-devel-linux-x86_64-fedora-clang | 0.1.1 | 40.47 | NOTE | |||
r-devel-linux-x86_64-fedora-gcc | 0.1.1 | 39.32 | NOTE | |||
r-prerel-macos-arm64 | 0.1.1 | 18.00 | NOTE | |||
r-prerel-windows-x86_64 | 0.1.1 | 3.00 | 46.00 | 49.00 | NOTE | |
r-patched-linux-x86_64 | 0.1.1 | 2.15 | 29.42 | 31.57 | NOTE | |
r-release-linux-x86_64 | 0.1.1 | 1.67 | 28.71 | 30.38 | NOTE | |
r-release-macos-arm64 | 0.1.1 | 19.00 | NOTE | |||
r-release-macos-x86_64 | 0.1.1 | 28.00 | NOTE | |||
r-release-windows-x86_64 | 0.1.1 | 2.00 | 46.00 | 48.00 | NOTE | |
r-oldrel-macos-arm64 | 0.1.1 | 17.00 | NOTE | |||
r-oldrel-windows-x86_64 | 0.1.1 | 3.00 | 52.00 | 55.00 | NOTE |
Version: 0.1.1
Check: LazyData
Result: NOTE
'LazyData' is specified without a 'data' directory
Flavors: r-devel-linux-x86_64-debian-clang, r-devel-linux-x86_64-debian-gcc, r-devel-linux-x86_64-fedora-clang, r-devel-linux-x86_64-fedora-gcc, r-prerel-macos-arm64, r-prerel-windows-x86_64, r-patched-linux-x86_64, r-release-linux-x86_64, r-release-macos-arm64, r-release-macos-x86_64, r-release-windows-x86_64, r-oldrel-macos-arm64, r-oldrel-windows-x86_64