CRAN Package Check Results for Package primefactr

Last updated on 2022-09-29 21:49:14 CEST.

Flavor Version Tinstall Tcheck Ttotal Status Flags
r-devel-linux-x86_64-debian-clang 0.1.1 1.95 31.11 33.06 NOTE
r-devel-linux-x86_64-debian-gcc 0.1.1 1.46 24.62 26.08 NOTE
r-devel-linux-x86_64-fedora-clang 0.1.1 52.97 NOTE
r-devel-linux-x86_64-fedora-gcc 0.1.1 49.99 NOTE
r-devel-windows-x86_64 0.1.1 15.00 59.00 74.00 NOTE
r-patched-linux-x86_64 0.1.1 2.11 29.44 31.55 NOTE
r-release-linux-x86_64 0.1.1 1.51 30.51 32.02 NOTE
r-release-macos-arm64 0.1.1 16.00 NOTE
r-release-macos-x86_64 0.1.1 23.00 NOTE
r-release-windows-x86_64 0.1.1 15.00 57.00 72.00 NOTE
r-oldrel-macos-arm64 0.1.1 18.00 NOTE
r-oldrel-macos-x86_64 0.1.1 32.00 NOTE
r-oldrel-windows-ix86+x86_64 0.1.1 6.00 54.00 60.00 NOTE

Check Details

Version: 0.1.1
Check: LazyData
Result: NOTE
     'LazyData' is specified without a 'data' directory
Flavors: r-devel-linux-x86_64-debian-clang, r-devel-linux-x86_64-debian-gcc, r-devel-linux-x86_64-fedora-clang, r-devel-linux-x86_64-fedora-gcc, r-devel-windows-x86_64, r-patched-linux-x86_64, r-release-linux-x86_64, r-release-macos-arm64, r-release-macos-x86_64, r-release-windows-x86_64, r-oldrel-macos-arm64, r-oldrel-macos-x86_64, r-oldrel-windows-ix86+x86_64