Last updated on 2023-06-08 05:58:17 CEST.
Flavor | Version | Tinstall | Tcheck | Ttotal | Status | Flags |
---|---|---|---|---|---|---|
r-devel-linux-x86_64-debian-clang | 5.0.0 | 19.54 | 256.14 | 275.68 | OK | |
r-devel-linux-x86_64-debian-gcc | 5.0.0 | 15.72 | 188.22 | 203.94 | OK | |
r-devel-linux-x86_64-fedora-clang | 5.0.0 | 332.15 | NOTE | |||
r-devel-linux-x86_64-fedora-gcc | 5.0.0 | 335.49 | OK | |||
r-devel-windows-x86_64 | 5.0.0 | 15.00 | 213.00 | 228.00 | OK | |
r-patched-linux-x86_64 | 5.0.0 | 16.95 | 235.04 | 251.99 | OK | |
r-release-linux-x86_64 | 5.0.0 | 13.56 | 239.22 | 252.78 | OK | |
r-release-macos-arm64 | 5.0.0 | 98.00 | OK | |||
r-release-macos-x86_64 | 4.0.1 | 162.00 | OK | |||
r-release-windows-x86_64 | 5.0.0 | 22.00 | 246.00 | 268.00 | OK | |
r-oldrel-macos-arm64 | 5.0.0 | 86.00 | OK | |||
r-oldrel-macos-x86_64 | 5.0.0 | 123.00 | OK | |||
r-oldrel-windows-x86_64 | 5.0.0 | 23.00 | 250.00 | 273.00 | OK |
Version: 5.0.0
Check: Rd cross-references
Result: NOTE
Undeclared package ‘sp’ in Rd xrefs
Flavor: r-devel-linux-x86_64-fedora-clang