Last updated on 2023-03-28 12:54:49 CEST.
Flavor | Version | Tinstall | Tcheck | Ttotal | Status | Flags |
---|---|---|---|---|---|---|
r-devel-linux-x86_64-debian-clang | 0.2.2 | 3.02 | 32.96 | 35.98 | NOTE | |
r-devel-linux-x86_64-debian-gcc | 0.2.2 | 2.34 | 25.12 | 27.46 | NOTE | |
r-devel-linux-x86_64-fedora-clang | 0.2.2 | 44.74 | NOTE | |||
r-devel-linux-x86_64-fedora-gcc | 0.2.2 | 53.80 | NOTE | |||
r-patched-linux-x86_64 | 0.2.2 | 3.09 | 31.71 | 34.80 | NOTE | |
r-release-linux-x86_64 | 0.2.2 | 2.54 | 32.27 | 34.81 | NOTE | |
r-release-macos-arm64 | 0.2.2 | 19.00 | NOTE | |||
r-release-macos-x86_64 | 0.2.2 | 27.00 | NOTE | |||
r-release-windows-x86_64 | 0.2.2 | 27.00 | 63.00 | 90.00 | NOTE | |
r-oldrel-macos-arm64 | 0.2.2 | 22.00 | NOTE | |||
r-oldrel-macos-x86_64 | 0.2.2 | 37.00 | NOTE | |||
r-oldrel-windows-ix86+x86_64 | 0.2.2 | 7.00 | 62.00 | 69.00 | NOTE |
Version: 0.2.2
Check: LazyData
Result: NOTE
'LazyData' is specified without a 'data' directory
Flavors: r-devel-linux-x86_64-debian-clang, r-devel-linux-x86_64-debian-gcc, r-devel-linux-x86_64-fedora-clang, r-devel-linux-x86_64-fedora-gcc, r-patched-linux-x86_64, r-release-linux-x86_64, r-release-macos-arm64, r-release-macos-x86_64, r-release-windows-x86_64, r-oldrel-macos-arm64, r-oldrel-macos-x86_64, r-oldrel-windows-ix86+x86_64