CRAN Package Check Results for Package prettifyAddins

Last updated on 2021-08-01 06:49:34 CEST.

Flavor Version Tinstall Tcheck Ttotal Status Flags
r-devel-linux-x86_64-debian-clang 2.0.3 5.30 50.78 56.08 NOTE
r-devel-linux-x86_64-debian-gcc 2.0.3 4.77 39.28 44.05 NOTE
r-devel-linux-x86_64-fedora-clang 2.0.3 76.73 NOTE
r-devel-linux-x86_64-fedora-gcc 2.0.3 66.32 NOTE
r-devel-windows-x86_64 2.0.3 8.00 72.00 80.00 NOTE
r-devel-windows-x86_64-gcc10-UCRT 2.0.3 NOTE
r-patched-linux-x86_64 2.0.3 NOTE
r-patched-solaris-x86 2.0.3 106.00 NOTE
r-release-linux-x86_64 2.0.3 6.18 48.74 54.92 NOTE
r-release-macos-arm64 2.0.3 NOTE
r-release-macos-x86_64 2.0.3 NOTE
r-release-windows-ix86+x86_64 2.0.3 14.00 72.00 86.00 NOTE
r-oldrel-macos-x86_64 2.0.3 OK
r-oldrel-windows-ix86+x86_64 2.0.3 10.00 71.00 81.00 OK

Check Details

Version: 2.0.3
Check: LazyData
Result: NOTE
     'LazyData' is specified without a 'data' directory
Flavors: r-devel-linux-x86_64-debian-clang, r-devel-linux-x86_64-debian-gcc, r-devel-linux-x86_64-fedora-clang, r-devel-linux-x86_64-fedora-gcc, r-devel-windows-x86_64, r-devel-windows-x86_64-gcc10-UCRT, r-patched-linux-x86_64, r-patched-solaris-x86, r-release-linux-x86_64, r-release-macos-arm64, r-release-macos-x86_64, r-release-windows-ix86+x86_64