CRAN Package Check Results for Package predictoR

Last updated on 2022-06-25 12:54:31 CEST.

Flavor Version Tinstall Tcheck Ttotal Status Flags
r-devel-linux-x86_64-debian-clang 2.0.7 28.42 202.00 230.42 OK
r-devel-linux-x86_64-debian-gcc 2.0.7 22.43 146.57 169.00 OK
r-devel-linux-x86_64-fedora-clang 2.0.7 298.46 WARN
r-devel-linux-x86_64-fedora-gcc 2.0.7 276.94 WARN
r-devel-windows-x86_64 2.0.7 85.00 218.00 303.00 OK
r-patched-linux-x86_64 2.0.7 29.24 192.70 221.94 OK
r-release-linux-x86_64 2.0.7 21.82 192.97 214.79 OK
r-release-macos-arm64 2.0.7 66.00 OK
r-release-macos-x86_64 2.0.7 104.00 OK
r-release-windows-x86_64 2.0.7 123.00 218.00 341.00 OK
r-oldrel-macos-arm64 2.0.7 69.00 OK
r-oldrel-macos-x86_64 2.0.7 97.00 OK
r-oldrel-windows-ix86+x86_64 2.0.7 62.00 214.00 276.00 OK

Check Details

Version: 2.0.7
Check: package dependencies
Result: WARN
    Requires (indirectly) orphaned package: ‘gtools’
Flavors: r-devel-linux-x86_64-fedora-clang, r-devel-linux-x86_64-fedora-gcc