Last updated on 2024-03-29 04:06:02 CET.
Flavor | Version | Tinstall | Tcheck | Ttotal | Status | Flags |
---|---|---|---|---|---|---|
r-devel-linux-x86_64-debian-clang | 3.0.3 | 36.12 | 206.46 | 242.58 | NOTE | |
r-devel-linux-x86_64-debian-gcc | 3.0.3 | 25.73 | 150.60 | 176.33 | NOTE | |
r-devel-linux-x86_64-fedora-clang | 3.0.3 | 315.03 | NOTE | |||
r-devel-linux-x86_64-fedora-gcc | 3.0.3 | 285.96 | NOTE | |||
r-devel-windows-x86_64 | 3.0.3 | 29.00 | 139.00 | 168.00 | NOTE | |
r-patched-linux-x86_64 | 3.0.3 | 31.81 | 189.67 | 221.48 | NOTE | |
r-release-linux-x86_64 | 3.0.3 | 30.68 | 195.70 | 226.38 | OK | |
r-release-macos-arm64 | 3.0.3 | 64.00 | OK | |||
r-release-macos-x86_64 | 3.0.3 | 172.00 | OK | |||
r-release-windows-x86_64 | 3.0.3 | 36.00 | 182.00 | 218.00 | OK | |
r-oldrel-macos-arm64 | 3.0.3 | 80.00 | OK | |||
r-oldrel-windows-x86_64 | 3.0.3 | 39.00 | 179.00 | 218.00 | OK |
Version: 3.0.3
Check: Rd files
Result: NOTE
checkRd: (-1) app_server.Rd:10: Lost braces; missing escapes or markup?
10 | \item{input, output, session}{Internal parameters for {shiny}.
| ^
Flavors: r-devel-linux-x86_64-debian-clang, r-devel-linux-x86_64-debian-gcc, r-devel-linux-x86_64-fedora-clang, r-devel-linux-x86_64-fedora-gcc, r-devel-windows-x86_64, r-patched-linux-x86_64