CRAN Package Check Results for Package precommit

Last updated on 2022-09-27 21:53:57 CEST.

Flavor Version Tinstall Tcheck Ttotal Status Flags
r-devel-linux-x86_64-debian-clang 0.3.2 3.61 227.32 230.93 OK
r-devel-linux-x86_64-debian-gcc 0.3.2 3.43 171.80 175.23 OK
r-devel-linux-x86_64-fedora-clang 0.3.2 289.19 NOTE
r-devel-linux-x86_64-fedora-gcc 0.3.2 283.57 NOTE
r-devel-windows-x86_64 0.3.2 426.00 499.00 925.00 OK
r-patched-linux-x86_64 0.3.2 3.57 211.42 214.99 OK
r-release-linux-x86_64 0.3.2 4.00 215.66 219.66 OK
r-release-macos-arm64 0.3.2 113.00 NOTE
r-release-macos-x86_64 0.3.2 145.00 NOTE
r-release-windows-x86_64 0.3.2 486.00 488.00 974.00 OK
r-oldrel-macos-arm64 0.3.2 103.00 NOTE
r-oldrel-macos-x86_64 0.3.2 141.00 NOTE
r-oldrel-windows-ix86+x86_64 0.3.2 27.00 347.00 374.00 OK

Check Details

Version: 0.3.2
Check: dependencies in R code
Result: NOTE
    Namespace in Imports field not imported from: ‘here’
     All declared Imports should be used.
Flavors: r-devel-linux-x86_64-fedora-clang, r-devel-linux-x86_64-fedora-gcc, r-release-macos-arm64, r-release-macos-x86_64, r-oldrel-macos-arm64, r-oldrel-macos-x86_64